  {"id":24571,"date":"2026-03-12T16:25:39","date_gmt":"2026-03-12T21:25:39","guid":{"rendered":"https:\/\/uwm.edu\/world-languages-cultures\/?page_id=24571"},"modified":"2026-03-19T16:16:28","modified_gmt":"2026-03-19T21:16:28","slug":"2026-films","status":"publish","type":"page","link":"https:\/\/uwm.edu\/world-languages-cultures\/students\/undergraduates\/french\/festival-of-films-in-french\/2026-films\/","title":{"rendered":"2026 Films"},"content":{"rendered":"\n<h2 class=\"wp-block-heading\" id=\"h-the-29th-annual-festival-of-films-in-french-february-13-15-amp-20-22-2026\">The 29th Annual Festival of Films in French<br>February 13-15 &amp; 20-22, 2026<\/h2>\n\n\n\n<p id=\"h-all-films-are-in-french-and-other-languages-with-subtitles-in-english\"><strong>All films are in French and other languages with subtitles in English.<\/strong><\/p>\n\n\n<ul class=\"uwm-p-posts uwm-c-list--cleanlist uwm-l-grid uwm-l-grid--3\"><li><figure class=\"post-image\"><a href=\"https:\/\/uwm.edu\/world-languages-cultures\/la-venue-de-lavenir-colors-of-time\/\" aria-hidden=\"true\" tabindex=\"-1\"><img loading=\"lazy\" decoding=\"async\" width=\"768\" height=\"512\" src=\"https:\/\/uwm.edu\/world-languages-cultures\/wp-content\/uploads\/sites\/468\/2026\/03\/Colors-of-Time-3-RVB-768x512-1.jpg\" class=\"attachment-full size-full wp-post-image\" alt=\"two people sitting on a park bench in old-fashioned clothing\" srcset=\"https:\/\/uwm.edu\/world-languages-cultures\/wp-content\/uploads\/sites\/468\/2026\/03\/Colors-of-Time-3-RVB-768x512-1.jpg 768w, https:\/\/uwm.edu\/world-languages-cultures\/wp-content\/uploads\/sites\/468\/2026\/03\/Colors-of-Time-3-RVB-768x512-1-300x200.jpg 300w\" sizes=\"auto, (max-width: 768px) 100vw, 768px\" \/><\/a><\/figure><div class=\"post-content\"><a class=\"post-title\" href=\"https:\/\/uwm.edu\/world-languages-cultures\/la-venue-de-lavenir-colors-of-time\/\">La venue de l\u2019avenir (Colors of Time)<\/a><div class=\"post-excerpt\">Friday, February 13 \u2022 6pm La venue de l\u2019avenir&nbsp;(Colors of Time)C\u00e9dric Klapisch, DCP, 126 minFrance, 2025 (French) Official Selection, 2025 Cannes FestivalMidwest premiere Brought together by the unexpected inheritance of a house in &hellip; <\/div><\/div><\/li>\n<li><figure class=\"post-image\"><a href=\"https:\/\/uwm.edu\/world-languages-cultures\/aux-bords-de-la-guerre-ariane-mnouchkine-et-le-theatre-du-soleil-a-kyiv-kyiv-theater-an-island-of-hope\/\" aria-hidden=\"true\" tabindex=\"-1\"><img loading=\"lazy\" decoding=\"async\" width=\"768\" height=\"432\" src=\"https:\/\/uwm.edu\/world-languages-cultures\/wp-content\/uploads\/sites\/468\/2026\/03\/Kyiv-Theater-an-Island-of-Hope-3-RVB-768x432-1.jpg\" class=\"attachment-full size-full wp-post-image\" alt=\"people on a stage in a tent as in a war setting\" srcset=\"https:\/\/uwm.edu\/world-languages-cultures\/wp-content\/uploads\/sites\/468\/2026\/03\/Kyiv-Theater-an-Island-of-Hope-3-RVB-768x432-1.jpg 768w, https:\/\/uwm.edu\/world-languages-cultures\/wp-content\/uploads\/sites\/468\/2026\/03\/Kyiv-Theater-an-Island-of-Hope-3-RVB-768x432-1-300x169.jpg 300w\" sizes=\"auto, (max-width: 768px) 100vw, 768px\" \/><\/a><\/figure><div class=\"post-content\"><a class=\"post-title\" href=\"https:\/\/uwm.edu\/world-languages-cultures\/aux-bords-de-la-guerre-ariane-mnouchkine-et-le-theatre-du-soleil-a-kyiv-kyiv-theater-an-island-of-hope\/\">Aux bords de la guerre, Ariane Mnouchkine et le Th\u00e9\u00e2tre du Soleil \u00e0 Kyiv (Kyiv Theater, an Island of Hope)<\/a><div class=\"post-excerpt\">Saturday, February 14 \u2022 2pm Aux bords de la guerre, Ariane Mnouchkine et le Th\u00e9\u00e2tre du Soleil \u00e0 Kyiv&nbsp;(Kyiv Theater, an Island of Hope)Duccio Bellugi-Vannuccini \/ Thomas Briat, DCP, 59 minFrance \/ Ukraine, &hellip; <\/div><\/div><\/li>\n<li><figure class=\"post-image\"><a href=\"https:\/\/uwm.edu\/world-languages-cultures\/la-princesse-mandane-princess-mandane\/\" aria-hidden=\"true\" tabindex=\"-1\"><img loading=\"lazy\" decoding=\"async\" width=\"768\" height=\"528\" src=\"https:\/\/uwm.edu\/world-languages-cultures\/wp-content\/uploads\/sites\/468\/2026\/03\/Princess-Mandane-2-RVB-768x528-1.jpg\" class=\"attachment-full size-full wp-post-image\" alt=\"person draped in jewels and dressed for an old fashioned movie\" srcset=\"https:\/\/uwm.edu\/world-languages-cultures\/wp-content\/uploads\/sites\/468\/2026\/03\/Princess-Mandane-2-RVB-768x528-1.jpg 768w, https:\/\/uwm.edu\/world-languages-cultures\/wp-content\/uploads\/sites\/468\/2026\/03\/Princess-Mandane-2-RVB-768x528-1-300x206.jpg 300w\" sizes=\"auto, (max-width: 768px) 100vw, 768px\" \/><\/a><\/figure><div class=\"post-content\"><a class=\"post-title\" href=\"https:\/\/uwm.edu\/world-languages-cultures\/la-princesse-mandane-princess-mandane\/\">La princesse Mandane (Princess Mandane)<\/a><div class=\"post-excerpt\">Sunday, February 22 \u2022 2:30pm La princesse Mandane (Princess Mandane)Germaine Dulac, DCP, 74 minFrance, 1928 (Silent) \u00c9tienne is engaged to Annette, a secretary in the factory where he works. Fantasizing about daring adventures, &hellip; <\/div><\/div><\/li>\n<li><figure class=\"post-image\"><a href=\"https:\/\/uwm.edu\/world-languages-cultures\/les-fantomes-ghost-trail\/\" aria-hidden=\"true\" tabindex=\"-1\"><img loading=\"lazy\" decoding=\"async\" width=\"768\" height=\"576\" src=\"https:\/\/uwm.edu\/world-languages-cultures\/wp-content\/uploads\/sites\/468\/2026\/03\/Ghost-Trail-8-RVB-768x576-1.jpg\" class=\"attachment-full size-full wp-post-image\" alt=\"person with headphones on and holding a recorder\" srcset=\"https:\/\/uwm.edu\/world-languages-cultures\/wp-content\/uploads\/sites\/468\/2026\/03\/Ghost-Trail-8-RVB-768x576-1.jpg 768w, https:\/\/uwm.edu\/world-languages-cultures\/wp-content\/uploads\/sites\/468\/2026\/03\/Ghost-Trail-8-RVB-768x576-1-300x225.jpg 300w\" sizes=\"auto, (max-width: 768px) 100vw, 768px\" \/><\/a><\/figure><div class=\"post-content\"><a class=\"post-title\" href=\"https:\/\/uwm.edu\/world-languages-cultures\/les-fantomes-ghost-trail\/\">Les fant\u00f4mes (Ghost Trail)<\/a><div class=\"post-excerpt\">Sunday, February 15 \u2022 1pm Les fant\u00f4mes (Ghost Trail)Jonathan Millet, DCP, 108 minFrance, 2024 (Arabic, French, English, Turkish) Official Selection: Critics\u2019 Week at the 2024 Cannes Film FestivalWisconsin premiere Justice knows no borders &hellip; <\/div><\/div><\/li>\n<li><figure class=\"post-image\"><a href=\"https:\/\/uwm.edu\/world-languages-cultures\/des-terroristes-a-la-retraite-terrorists-in-retirement\/\" aria-hidden=\"true\" tabindex=\"-1\"><img loading=\"lazy\" decoding=\"async\" width=\"768\" height=\"576\" src=\"https:\/\/uwm.edu\/world-languages-cultures\/wp-content\/uploads\/sites\/468\/2026\/03\/Terrorists-in-Retirement-4-RVB.jpg\" class=\"attachment-full size-full wp-post-image\" alt=\"person sitting in chair\" srcset=\"https:\/\/uwm.edu\/world-languages-cultures\/wp-content\/uploads\/sites\/468\/2026\/03\/Terrorists-in-Retirement-4-RVB.jpg 768w, https:\/\/uwm.edu\/world-languages-cultures\/wp-content\/uploads\/sites\/468\/2026\/03\/Terrorists-in-Retirement-4-RVB-300x225.jpg 300w\" sizes=\"auto, (max-width: 768px) 100vw, 768px\" \/><\/a><\/figure><div class=\"post-content\"><a class=\"post-title\" href=\"https:\/\/uwm.edu\/world-languages-cultures\/des-terroristes-a-la-retraite-terrorists-in-retirement\/\">Des \u201cterroristes\u201d \u00e0 la retraite (\u201cTerrorists\u201d in Retirement)<\/a><div class=\"post-excerpt\">Sunday, February 15 \u2022 3:30pm Des \u201cterroristes\u201d \u00e0 la retraite (\u201cTerrorists\u201d in Retirement)Mosco Levi Boucault, DCP, 71 minFrance, 1983 (French) 1983 Cannes Film Festival &amp; 2020 Cin\u00e9ma du R\u00e9el Too controversial to be &hellip; <\/div><\/div><\/li>\n<li><figure class=\"post-image\"><a href=\"https:\/\/uwm.edu\/world-languages-cultures\/vingt-dieux-holy-cow\/\" aria-hidden=\"true\" tabindex=\"-1\"><img loading=\"lazy\" decoding=\"async\" width=\"768\" height=\"512\" src=\"https:\/\/uwm.edu\/world-languages-cultures\/wp-content\/uploads\/sites\/468\/2026\/03\/Holy-Cow-1-RVB-768x512-1.jpg\" class=\"attachment-full size-full wp-post-image\" alt=\"four children walking along a country road\" srcset=\"https:\/\/uwm.edu\/world-languages-cultures\/wp-content\/uploads\/sites\/468\/2026\/03\/Holy-Cow-1-RVB-768x512-1.jpg 768w, https:\/\/uwm.edu\/world-languages-cultures\/wp-content\/uploads\/sites\/468\/2026\/03\/Holy-Cow-1-RVB-768x512-1-300x200.jpg 300w\" sizes=\"auto, (max-width: 768px) 100vw, 768px\" \/><\/a><\/figure><div class=\"post-content\"><a class=\"post-title\" href=\"https:\/\/uwm.edu\/world-languages-cultures\/vingt-dieux-holy-cow\/\">Vingt Dieux (Holy Cow)<\/a><div class=\"post-excerpt\">Friday, February 20 \u2022 6pm Vingt Dieux (Holy Cow)Louise Courvoisier, MP4, 90 minFrance, 2024 (French) Winner of the Youth Award, Un Certain Regard, 2024 Cannes Film Festival After the tragic death of his &hellip; <\/div><\/div><\/li>\n<li><figure class=\"post-image\"><a href=\"https:\/\/uwm.edu\/world-languages-cultures\/rendez-vous-avec-pol-pot-meeting-with-pol-pot\/\" aria-hidden=\"true\" tabindex=\"-1\"><img loading=\"lazy\" decoding=\"async\" width=\"768\" height=\"576\" src=\"https:\/\/uwm.edu\/world-languages-cultures\/wp-content\/uploads\/sites\/468\/2026\/03\/Meeting-with-Pol-Pot-5-RVB-768x576-1.jpg\" class=\"attachment-full size-full wp-post-image\" alt=\"journalist interviewing Pol Pot\" srcset=\"https:\/\/uwm.edu\/world-languages-cultures\/wp-content\/uploads\/sites\/468\/2026\/03\/Meeting-with-Pol-Pot-5-RVB-768x576-1.jpg 768w, https:\/\/uwm.edu\/world-languages-cultures\/wp-content\/uploads\/sites\/468\/2026\/03\/Meeting-with-Pol-Pot-5-RVB-768x576-1-300x225.jpg 300w\" sizes=\"auto, (max-width: 768px) 100vw, 768px\" \/><\/a><\/figure><div class=\"post-content\"><a class=\"post-title\" href=\"https:\/\/uwm.edu\/world-languages-cultures\/rendez-vous-avec-pol-pot-meeting-with-pol-pot\/\">Rendez-vous avec Pol Pot (Meeting With Pol Pot)<\/a><div class=\"post-excerpt\">Saturday, February 21 \u2022 2pm Rendez-vous avec Pol Pot (Meeting With Pol Pot)Rithy Panh, Blu-ray, 112 minFrance \/ Cambodia, 2024 (French, Cambodian) Official Selection, Cannes Premiere, 2024 Cannes Film FestivalWisconsin premiere Democratic Kampuchea &hellip; <\/div><\/div><\/li>\n<li><figure class=\"post-image\"><a href=\"https:\/\/uwm.edu\/world-languages-cultures\/le-sang-et-la-boue-of-mud-and-blood\/\" aria-hidden=\"true\" tabindex=\"-1\"><img loading=\"lazy\" decoding=\"async\" width=\"768\" height=\"510\" src=\"https:\/\/uwm.edu\/world-languages-cultures\/wp-content\/uploads\/sites\/468\/2026\/03\/Of-Mud-and-Blood-1-RVB-768x510-1.jpg\" class=\"attachment-full size-full wp-post-image\" alt=\"dirty person working in a coltan mine\" srcset=\"https:\/\/uwm.edu\/world-languages-cultures\/wp-content\/uploads\/sites\/468\/2026\/03\/Of-Mud-and-Blood-1-RVB-768x510-1.jpg 768w, https:\/\/uwm.edu\/world-languages-cultures\/wp-content\/uploads\/sites\/468\/2026\/03\/Of-Mud-and-Blood-1-RVB-768x510-1-300x199.jpg 300w\" sizes=\"auto, (max-width: 768px) 100vw, 768px\" \/><\/a><\/figure><div class=\"post-content\"><a class=\"post-title\" href=\"https:\/\/uwm.edu\/world-languages-cultures\/le-sang-et-la-boue-of-mud-and-blood\/\">Le sang et la boue (Of Mud and Blood)<\/a><div class=\"post-excerpt\">Saturday, February 21 \u2022 4:30pm&nbsp; Le sang et la boue (Of Mud and Blood)Jean-Gabriel Leynaud, H264, 90 minFrance \/ Congo (DRC), 2025 (French, Swahili, English) Best International Documentary, 2025 Durban International Film FestivalMidwest &hellip; <\/div><\/div><\/li>\n<li><figure class=\"post-image\"><a href=\"https:\/\/uwm.edu\/world-languages-cultures\/dounia-le-grand-pays-blanc-dounia-the-great-white-north\/\" aria-hidden=\"true\" tabindex=\"-1\"><img loading=\"lazy\" decoding=\"async\" width=\"768\" height=\"432\" src=\"https:\/\/uwm.edu\/world-languages-cultures\/wp-content\/uploads\/sites\/468\/2026\/03\/Dounia-the-Great-White-North-5-RVB-768x432-1.png\" class=\"attachment-full size-full wp-post-image\" alt=\"cartoon of child in red cap\" srcset=\"https:\/\/uwm.edu\/world-languages-cultures\/wp-content\/uploads\/sites\/468\/2026\/03\/Dounia-the-Great-White-North-5-RVB-768x432-1.png 768w, https:\/\/uwm.edu\/world-languages-cultures\/wp-content\/uploads\/sites\/468\/2026\/03\/Dounia-the-Great-White-North-5-RVB-768x432-1-300x169.png 300w\" sizes=\"auto, (max-width: 768px) 100vw, 768px\" \/><\/a><\/figure><div class=\"post-content\"><a class=\"post-title\" href=\"https:\/\/uwm.edu\/world-languages-cultures\/dounia-le-grand-pays-blanc-dounia-the-great-white-north\/\">Dounia, le grand pays blanc (Dounia, the Great White North)<\/a><div class=\"post-excerpt\">Sunday, February 22 \u2022 1pm&nbsp; Dounia, le grand pays blanc (Dounia, the Great White North)Marya Zarif \/ Andr\u00e9 Kadi, MP4, 51 minQu\u00e9bec, 2025 (French) 2024 New York International Children Film FestivalMidwest premiere Now &hellip; <\/div><\/div><\/li>\n<li><figure class=\"post-image\"><a href=\"https:\/\/uwm.edu\/world-languages-cultures\/godard-seul-le-cinema-godard-cinema\/\" aria-hidden=\"true\" tabindex=\"-1\"><img loading=\"lazy\" decoding=\"async\" width=\"768\" height=\"517\" src=\"https:\/\/uwm.edu\/world-languages-cultures\/wp-content\/uploads\/sites\/468\/2026\/03\/Godard-cinema-2-RVB-768x517-1.jpg\" class=\"attachment-full size-full wp-post-image\" alt=\"person leaning against a wall\" srcset=\"https:\/\/uwm.edu\/world-languages-cultures\/wp-content\/uploads\/sites\/468\/2026\/03\/Godard-cinema-2-RVB-768x517-1.jpg 768w, https:\/\/uwm.edu\/world-languages-cultures\/wp-content\/uploads\/sites\/468\/2026\/03\/Godard-cinema-2-RVB-768x517-1-300x202.jpg 300w\" sizes=\"auto, (max-width: 768px) 100vw, 768px\" \/><\/a><\/figure><div class=\"post-content\"><a class=\"post-title\" href=\"https:\/\/uwm.edu\/world-languages-cultures\/godard-seul-le-cinema-godard-cinema\/\">Godard, seul le cin\u00e9ma (Godard Cinema)<\/a><div class=\"post-excerpt\">Saturday, February 14 \u2022 4:30pm Godard, seul le cin\u00e9ma (Godard Cinema)Cyril Leuthy, MP4, 100 minFrance, 2023 (French) Official Selection, 2022 Venice International Film FestivalWisconsin premiere Jean-Luc Godard is synonymous with cinema. With the &hellip; <\/div><\/div><\/li>\n<\/ul>","protected":false},"excerpt":{"rendered":"<p>The 29th Annual Festival of Films in FrenchFebruary 13-15 &amp; 20-22, 2026 All films are in French and other languages with subtitles in English.<\/p>\n","protected":false},"author":1272,"featured_media":0,"parent":24270,"menu_order":1,"comment_status":"closed","ping_status":"closed","template":"","meta":{"_acf_changed":false,"footnotes":"","uwm_wg_additional_authors":[]},"class_list":["post-24571","page","type-page","status-publish","hentry"],"yoast_head":"<!-- This site is optimized with the Yoast SEO Premium plugin v27.3 (Yoast SEO v27.3) - https:\/\/yoast.com\/product\/yoast-seo-premium-wordpress\/ -->\n<title>World Languages &amp; Cultures<\/title>\n<meta name=\"robots\" content=\"index, follow, max-snippet:-1, max-image-preview:large, max-video-preview:-1\" \/>\n<link rel=\"canonical\" href=\"https:\/\/uwm.edu\/world-languages-cultures\/students\/undergraduates\/french\/festival-of-films-in-french\/2026-films\/\" \/>\n<meta property=\"og:locale\" content=\"en_US\" \/>\n<meta property=\"og:type\" content=\"article\" \/>\n<meta property=\"og:title\" content=\"2026 Films\" \/>\n<meta property=\"og:description\" content=\"The 29th Annual Festival of Films in FrenchFebruary 13-15 &amp; 20-22, 2026 All films are in French and other languages with subtitles in English.\" \/>\n<meta property=\"og:url\" content=\"https:\/\/uwm.edu\/world-languages-cultures\/students\/undergraduates\/french\/festival-of-films-in-french\/2026-films\/\" \/>\n<meta property=\"og:site_name\" content=\"World Languages &amp; Cultures\" \/>\n<meta property=\"article:modified_time\" content=\"2026-03-19T21:16:28+00:00\" \/>\n<meta name=\"twitter:card\" content=\"summary_large_image\" \/>\n<meta name=\"twitter:label1\" content=\"Est. reading time\" \/>\n\t<meta name=\"twitter:data1\" content=\"1 minute\" \/>\n<script type=\"application\/ld+json\" class=\"yoast-schema-graph\">{\"@context\":\"https:\\\/\\\/schema.org\",\"@graph\":[{\"@type\":\"WebPage\",\"@id\":\"https:\\\/\\\/uwm.edu\\\/world-languages-cultures\\\/students\\\/undergraduates\\\/french\\\/festival-of-films-in-french\\\/2026-films\\\/\",\"url\":\"https:\\\/\\\/uwm.edu\\\/world-languages-cultures\\\/students\\\/undergraduates\\\/french\\\/festival-of-films-in-french\\\/2026-films\\\/\",\"name\":\"2026 Films - World Languages &amp; Cultures\",\"isPartOf\":{\"@id\":\"https:\\\/\\\/uwm.edu\\\/world-languages-cultures\\\/#website\"},\"datePublished\":\"2026-03-12T21:25:39+00:00\",\"dateModified\":\"2026-03-19T21:16:28+00:00\",\"breadcrumb\":{\"@id\":\"https:\\\/\\\/uwm.edu\\\/world-languages-cultures\\\/students\\\/undergraduates\\\/french\\\/festival-of-films-in-french\\\/2026-films\\\/#breadcrumb\"},\"inLanguage\":\"en-US\",\"potentialAction\":[{\"@type\":\"ReadAction\",\"target\":[\"https:\\\/\\\/uwm.edu\\\/world-languages-cultures\\\/students\\\/undergraduates\\\/french\\\/festival-of-films-in-french\\\/2026-films\\\/\"]}]},{\"@type\":\"BreadcrumbList\",\"@id\":\"https:\\\/\\\/uwm.edu\\\/world-languages-cultures\\\/students\\\/undergraduates\\\/french\\\/festival-of-films-in-french\\\/2026-films\\\/#breadcrumb\",\"itemListElement\":[{\"@type\":\"ListItem\",\"position\":1,\"name\":\"Home\",\"item\":\"https:\\\/\\\/uwm.edu\\\/world-languages-cultures\\\/\"},{\"@type\":\"ListItem\",\"position\":2,\"name\":\"Student Resources\",\"item\":\"https:\\\/\\\/uwm.edu\\\/world-languages-cultures\\\/students\\\/\"},{\"@type\":\"ListItem\",\"position\":3,\"name\":\"Undergraduate\",\"item\":\"https:\\\/\\\/uwm.edu\\\/world-languages-cultures\\\/students\\\/undergraduates\\\/\"},{\"@type\":\"ListItem\",\"position\":4,\"name\":\"French\",\"item\":\"https:\\\/\\\/uwm.edu\\\/world-languages-cultures\\\/students\\\/undergraduates\\\/french\\\/\"},{\"@type\":\"ListItem\",\"position\":5,\"name\":\"Festival of Films in French\",\"item\":\"https:\\\/\\\/uwm.edu\\\/world-languages-cultures\\\/students\\\/undergraduates\\\/french\\\/festival-of-films-in-french\\\/\"},{\"@type\":\"ListItem\",\"position\":6,\"name\":\"2026 Films\"}]},{\"@type\":\"WebSite\",\"@id\":\"https:\\\/\\\/uwm.edu\\\/world-languages-cultures\\\/#website\",\"url\":\"https:\\\/\\\/uwm.edu\\\/world-languages-cultures\\\/\",\"name\":\"World Languages &amp; Cultures\",\"description\":\"College of Letters and Science\",\"potentialAction\":[{\"@type\":\"SearchAction\",\"target\":{\"@type\":\"EntryPoint\",\"urlTemplate\":\"https:\\\/\\\/uwm.edu\\\/world-languages-cultures\\\/?s={search_term_string}\"},\"query-input\":{\"@type\":\"PropertyValueSpecification\",\"valueRequired\":true,\"valueName\":\"search_term_string\"}}],\"inLanguage\":\"en-US\"}]}<\/script>\n<!-- \/ Yoast SEO Premium plugin. -->","yoast_head_json":{"title":"World Languages &amp; Cultures","robots":{"index":"index","follow":"follow","max-snippet":"max-snippet:-1","max-image-preview":"max-image-preview:large","max-video-preview":"max-video-preview:-1"},"canonical":"https:\/\/uwm.edu\/world-languages-cultures\/students\/undergraduates\/french\/festival-of-films-in-french\/2026-films\/","og_locale":"en_US","og_type":"article","og_title":"2026 Films","og_description":"The 29th Annual Festival of Films in FrenchFebruary 13-15 &amp; 20-22, 2026 All films are in French and other languages with subtitles in English.","og_url":"https:\/\/uwm.edu\/world-languages-cultures\/students\/undergraduates\/french\/festival-of-films-in-french\/2026-films\/","og_site_name":"World Languages &amp; Cultures","article_modified_time":"2026-03-19T21:16:28+00:00","twitter_card":"summary_large_image","twitter_misc":{"Est. reading time":"1 minute"},"schema":{"@context":"https:\/\/schema.org","@graph":[{"@type":"WebPage","@id":"https:\/\/uwm.edu\/world-languages-cultures\/students\/undergraduates\/french\/festival-of-films-in-french\/2026-films\/","url":"https:\/\/uwm.edu\/world-languages-cultures\/students\/undergraduates\/french\/festival-of-films-in-french\/2026-films\/","name":"2026 Films - World Languages &amp; Cultures","isPartOf":{"@id":"https:\/\/uwm.edu\/world-languages-cultures\/#website"},"datePublished":"2026-03-12T21:25:39+00:00","dateModified":"2026-03-19T21:16:28+00:00","breadcrumb":{"@id":"https:\/\/uwm.edu\/world-languages-cultures\/students\/undergraduates\/french\/festival-of-films-in-french\/2026-films\/#breadcrumb"},"inLanguage":"en-US","potentialAction":[{"@type":"ReadAction","target":["https:\/\/uwm.edu\/world-languages-cultures\/students\/undergraduates\/french\/festival-of-films-in-french\/2026-films\/"]}]},{"@type":"BreadcrumbList","@id":"https:\/\/uwm.edu\/world-languages-cultures\/students\/undergraduates\/french\/festival-of-films-in-french\/2026-films\/#breadcrumb","itemListElement":[{"@type":"ListItem","position":1,"name":"Home","item":"https:\/\/uwm.edu\/world-languages-cultures\/"},{"@type":"ListItem","position":2,"name":"Student Resources","item":"https:\/\/uwm.edu\/world-languages-cultures\/students\/"},{"@type":"ListItem","position":3,"name":"Undergraduate","item":"https:\/\/uwm.edu\/world-languages-cultures\/students\/undergraduates\/"},{"@type":"ListItem","position":4,"name":"French","item":"https:\/\/uwm.edu\/world-languages-cultures\/students\/undergraduates\/french\/"},{"@type":"ListItem","position":5,"name":"Festival of Films in French","item":"https:\/\/uwm.edu\/world-languages-cultures\/students\/undergraduates\/french\/festival-of-films-in-french\/"},{"@type":"ListItem","position":6,"name":"2026 Films"}]},{"@type":"WebSite","@id":"https:\/\/uwm.edu\/world-languages-cultures\/#website","url":"https:\/\/uwm.edu\/world-languages-cultures\/","name":"World Languages &amp; Cultures","description":"College of Letters and Science","potentialAction":[{"@type":"SearchAction","target":{"@type":"EntryPoint","urlTemplate":"https:\/\/uwm.edu\/world-languages-cultures\/?s={search_term_string}"},"query-input":{"@type":"PropertyValueSpecification","valueRequired":true,"valueName":"search_term_string"}}],"inLanguage":"en-US"}]}},"acf":[],"_links":{"self":[{"href":"https:\/\/uwm.edu\/world-languages-cultures\/wp-json\/wp\/v2\/pages\/24571","targetHints":{"allow":["GET"]}}],"collection":[{"href":"https:\/\/uwm.edu\/world-languages-cultures\/wp-json\/wp\/v2\/pages"}],"about":[{"href":"https:\/\/uwm.edu\/world-languages-cultures\/wp-json\/wp\/v2\/types\/page"}],"author":[{"embeddable":true,"href":"https:\/\/uwm.edu\/world-languages-cultures\/wp-json\/wp\/v2\/users\/1272"}],"replies":[{"embeddable":true,"href":"https:\/\/uwm.edu\/world-languages-cultures\/wp-json\/wp\/v2\/comments?post=24571"}],"version-history":[{"count":5,"href":"https:\/\/uwm.edu\/world-languages-cultures\/wp-json\/wp\/v2\/pages\/24571\/revisions"}],"predecessor-version":[{"id":24807,"href":"https:\/\/uwm.edu\/world-languages-cultures\/wp-json\/wp\/v2\/pages\/24571\/revisions\/24807"}],"up":[{"embeddable":true,"href":"https:\/\/uwm.edu\/world-languages-cultures\/wp-json\/wp\/v2\/pages\/24270"}],"wp:attachment":[{"href":"https:\/\/uwm.edu\/world-languages-cultures\/wp-json\/wp\/v2\/media?parent=24571"}],"curies":[{"name":"wp","href":"https:\/\/api.w.org\/{rel}","templated":true}]}}