  {"id":24567,"date":"2026-03-12T16:21:43","date_gmt":"2026-03-12T21:21:43","guid":{"rendered":"https:\/\/uwm.edu\/world-languages-cultures\/?page_id=24567"},"modified":"2026-03-12T16:21:44","modified_gmt":"2026-03-12T21:21:44","slug":"festival-of-films-in-french-history","status":"publish","type":"page","link":"https:\/\/uwm.edu\/world-languages-cultures\/students\/undergraduates\/french\/festival-of-films-in-french\/festival-of-films-in-french-history\/","title":{"rendered":"Festival of Films in French History"},"content":{"rendered":"\n<p>It all started at the beginning of 1998. UW-Milwaukee French professors Martine Darmon Meyer (1929-2013) and Gabrielle Verdier had just received a grant from the Wisconsin Humanities Council to celebrate the Sesquicentennial of Wisconsin\u2019s statehood, in 1848. Inspired by all the French place names in the state, partnering with French professors at UW-Green Bay, UW-Eau Claire, UW-La Crosse, and K-12 teachers from across the state, the \u201cWisconsin\u2019s French Connections\u201d project proposed to explore the connections between France and what would become Wisconsin, from 1634 \u2014 when French explorer Jean Nicolet arrived in Green Bay \u2014 to the present.<\/p>\n\n\n\n<p>The Cultural Services of the Consulate General of France in Chicago were so supportive of the project that Deputy Cultural Attach\u00e9 Didier Rousseli\u00e8re encouraged the 51ÁÔÆæ French Program to apply for the newly created TOURN\u00c9ES Festival annual grant, which would provide funding to bring five French films to 51ÁÔÆæ in 1998. Since it was already well into the academic year, the only venue we could find for the first festival was a lecture hall, seating about 140. But thanks to our partners, the Alliance Fran\u00e7aise of Milwaukee and the newly-formed K-16 SWAAF (Southeast Wisconsin Academic Alliance in French), we were able to organize the festival of five films from the TOURN\u00e9ES list in just a few weeks, complete with a New Orleans style French caf\u00e9 (with beignets and caf\u00e9 au lait) during Intermissions.<\/p>\n\n\n\n<p>From 1999 to the present, FFF has been scheduled in February, a month we tend to spend indoors. It has taken place in 51ÁÔÆæ\u2019s Union Theater, a much larger venue, and has been co-sponsored by 51ÁÔÆæ Union Programming. With the help of Jonathan Jackson, 51ÁÔÆæ theater programmer and graduate student in Film from 1999 to 2002, we were able to increase the number of films in the festival. Jonathan went on to become artistic director of the newly founded Milwaukee International Film Festival (MIFF) in 2003 and is now the executive director of the very successful Milwaukee Film Festival.<\/p>\n\n\n\n<p>FFF &amp; MFF cosponsor films and collaborate on programming. For example, when MFF brings a French film dubbed in English (such as the animated film&nbsp;<em>The Rabbi\u2019s Cat<\/em>), FFF offers the original French version (with English subtitles) to the Milwaukee community and K-12 students in French. In partnership with SWAAF, we developed French Day on a Friday during the festival, and have been inviting 500+ middle and high school students to 51ÁÔÆæ to view a film and play games related to it \u2014 all in French! Most of these films, such as&nbsp;<em>Le Petit Nicolas,<\/em>&nbsp;<em>Kirikou and the Sorceress<\/em>,&nbsp;<em>Azur et Asmar<\/em>, and&nbsp;<em>Persepolis<\/em>, allow high school students to explore themes that could be considered taboo and world cultures beyond Europe and the U.S.<\/p>\n\n\n\n<p>Our goal has always been to include many French-language films from across the world. After all, Milwaukee was founded by the Quebecois Salomon Juneau, and the state was settled not just by Germans, but also by French-speakers from Belgium, Luxembourg, and Canada. Milwaukee now includes communities of French speakers from Senegal and other African countries, as well as Haiti. Starting in 2005, with the enthusiastic support of Timothy Rogus of the Qu\u00e9bec Government Office in Chicago, we were able include several films from Qu\u00e9bec rarely distributed in the U.S. We have continued to include films from Qu\u00e9bec with the support of the Qu\u00e9bec Delegation. And so, in 2006, the FFF\u2014French Film Festival\u2014became the Festival of Films in French.<\/p>\n\n\n\n<p>Programming&nbsp;<em>The Rabbi\u2019s Cat<\/em>&nbsp;in 2014 stemmed directly from the grant we received from the Helen Bader Foundation in 2004: \u201cDisplacement and Diaspora in Recent Francophone Cinema: Representing Jews, Resistance Fighters, and Collaborators During World War II, and Postcolonial Migrants from French-speaking Africa.\u201d This project has resulted in a close collaboration with the Jewish Studies Program and the Sam &amp; Helen Stahl Center for Jewish Studies at 51ÁÔÆæ. They have helped us bring films and documentaries to campus and to organize lectures and talkbacks through out the years. And so, southeastern Wisconsin\u2019s Jewish community has become a faithful supporter of FFF, as well.<\/p>\n\n\n\n<p>Other wonderful partners on campus and in the community have joined us in this effort. In many years, we have had Monday screenings devoted to African and Caribbean-themed films and is co-sponsored by Union Sociocultural Programming, the Center for Latin American and Caribbean Studies, and the Department of Africology. For several years, we showed films by Haitian filmmakers. This became all the more relevant in 2010 when the earthquake devastated Haiti. With our partner Youthaiti, we added the bake sale for Haiti, with delicious Haitian and French pastries prepared and sold by high school and college students and community volunteers. The proceeds are used for building sustainable sanitation in the country now devastated by cholera.<\/p>\n\n\n\n<p>FFF has worked with numerous other co-sponsors on the 51ÁÔÆæ campus including among many others the Department of French, Italian, and Comparative Literature (FICL), the Department of English, the Master of Arts in Language, Literature, and Translation (MALLT), the Center for International Education (CIE), the Center for 21st Century Studies (C21), the Women\u2019s Studies Program, Union Programming\u2019s \u201cShare the Earth\u201d, the Milwaukee LGBT Film Festival, and Marquette University. These collaborations have led FFF to show an extremely wide range of films in French.<\/p>\n\n\n\n<p>FFF challenges the stereotype of French cinema as verbose, static, and elitist by including silent and classic films, in collaboration with the Department of Film, Video, Animation, and New Genres, as well as the Film Studies Program. Tuesdays are devoted to silent films with live musical accompaniment provided by Renato Umali, a very popular evening for both film buffs and specialists (with films such as&nbsp;<em>The Seashell and the Clergyman<\/em>&nbsp;by Germaine Dulac,&nbsp;<em>The Faithful Heart<\/em>&nbsp;by Jean Epstein,&nbsp;<em>J\u2019accuse<\/em>&nbsp;by Abel Gance, as well as&nbsp;<em>Money&nbsp;<\/em>and<em>&nbsp;El Dorado<\/em>&nbsp;by Marcel L\u2019Herbier). Film Studies professor Tami Williams obtains hard-to-find prints from France and leads the discussions. Our Thursday Classic Film Night includes the latest re-mastered prints of iconic films released in the U.S., as well as original prints of films unavailable in this country (such as&nbsp;<em>Fire and Ice<\/em>&nbsp;by Alain Cavalier,&nbsp;<em>Pierrot le fou<\/em>&nbsp;by Jean-Luc Godard,&nbsp;<em>Army of Shadows<\/em>&nbsp;by Jean-Pierre Melville, and&nbsp;<em>La Grande Illusion<\/em>&nbsp;by Jean Renoir). In 2007, the French Cultural Services transported the hilarious comedy&nbsp;<em>The Big Runaround<\/em>&nbsp;(<em>La Grande Vadrouille<\/em>&nbsp;by G\u00e9rard Oury, 1966) for us in a diplomatic valise. It was the most popular film in France until 2008, but impossible to find in the U.S., and it brought down the house at 51ÁÔÆæ. A few years later, a new print of Jean Cocteau\u2019s film&nbsp;<em>Beauty and the Beast<\/em>&nbsp;packed the Union Theater and some people had to sit on the floor.<\/p>\n\n\n\n<p>Since 1998, the TOURN\u00c9ES grant offerings have included more and more francophone films; more recently, they have again expanded their catalog with the new Classics Selection. FFF looks forward to continued collaboration with the TOURN\u00c9ES Festival, our community co-sponsors (the Alliance Fran\u00e7aise of Milwaukee and SWAAF) as well as our co-sponsors on the 51ÁÔÆæ campus.<\/p>\n\n\n\n<p>The Festival owes a debt of gratitude to Doctor Richard Stone, a great lover of French-language films who was an important donor for many years.&nbsp; Thanks to him and our other sponsors, we have been able to offer everyone free admission to all the films. And we are confident that FFF will be enjoyed by lovers of film for many years to come.<\/p>\n","protected":false},"excerpt":{"rendered":"<p>It all started at the beginning of 1998. UW-Milwaukee French professors Martine Darmon Meyer (1929-2013) and Gabrielle Verdier had just received a grant from the Wisconsin Humanities Council to celebrate the Sesquicentennial of Wisconsin\u2019s statehood, in 1848. Inspired by all &hellip;<\/p>\n","protected":false},"author":1272,"featured_media":0,"parent":24270,"menu_order":0,"comment_status":"closed","ping_status":"closed","template":"","meta":{"_acf_changed":false,"footnotes":"","uwm_wg_additional_authors":[]},"class_list":["post-24567","page","type-page","status-publish","hentry"],"yoast_head":"<!-- This site is optimized with the Yoast SEO Premium plugin v27.3 (Yoast SEO v27.3) - https:\/\/yoast.com\/product\/yoast-seo-premium-wordpress\/ -->\n<title>World Languages &amp; Cultures<\/title>\n<meta name=\"robots\" content=\"index, follow, max-snippet:-1, max-image-preview:large, max-video-preview:-1\" \/>\n<link rel=\"canonical\" href=\"https:\/\/uwm.edu\/world-languages-cultures\/students\/undergraduates\/french\/festival-of-films-in-french\/festival-of-films-in-french-history\/\" \/>\n<meta property=\"og:locale\" content=\"en_US\" \/>\n<meta property=\"og:type\" content=\"article\" \/>\n<meta property=\"og:title\" content=\"Festival of Films in French History\" \/>\n<meta property=\"og:description\" content=\"It all started at the beginning of 1998. UW-Milwaukee French professors Martine Darmon Meyer (1929-2013) and Gabrielle Verdier had just received a grant from the Wisconsin Humanities Council to celebrate the Sesquicentennial of Wisconsin\u2019s statehood, in 1848. Inspired by all &hellip;\" \/>\n<meta property=\"og:url\" content=\"https:\/\/uwm.edu\/world-languages-cultures\/students\/undergraduates\/french\/festival-of-films-in-french\/festival-of-films-in-french-history\/\" \/>\n<meta property=\"og:site_name\" content=\"World Languages &amp; Cultures\" \/>\n<meta property=\"article:modified_time\" content=\"2026-03-12T21:21:44+00:00\" \/>\n<meta name=\"twitter:card\" content=\"summary_large_image\" \/>\n<meta name=\"twitter:label1\" content=\"Est. reading time\" \/>\n\t<meta name=\"twitter:data1\" content=\"6 minutes\" \/>\n<script type=\"application\/ld+json\" class=\"yoast-schema-graph\">{\"@context\":\"https:\\\/\\\/schema.org\",\"@graph\":[{\"@type\":\"WebPage\",\"@id\":\"https:\\\/\\\/uwm.edu\\\/world-languages-cultures\\\/students\\\/undergraduates\\\/french\\\/festival-of-films-in-french\\\/festival-of-films-in-french-history\\\/\",\"url\":\"https:\\\/\\\/uwm.edu\\\/world-languages-cultures\\\/students\\\/undergraduates\\\/french\\\/festival-of-films-in-french\\\/festival-of-films-in-french-history\\\/\",\"name\":\"Festival of Films in French History - World Languages &amp; Cultures\",\"isPartOf\":{\"@id\":\"https:\\\/\\\/uwm.edu\\\/world-languages-cultures\\\/#website\"},\"datePublished\":\"2026-03-12T21:21:43+00:00\",\"dateModified\":\"2026-03-12T21:21:44+00:00\",\"breadcrumb\":{\"@id\":\"https:\\\/\\\/uwm.edu\\\/world-languages-cultures\\\/students\\\/undergraduates\\\/french\\\/festival-of-films-in-french\\\/festival-of-films-in-french-history\\\/#breadcrumb\"},\"inLanguage\":\"en-US\",\"potentialAction\":[{\"@type\":\"ReadAction\",\"target\":[\"https:\\\/\\\/uwm.edu\\\/world-languages-cultures\\\/students\\\/undergraduates\\\/french\\\/festival-of-films-in-french\\\/festival-of-films-in-french-history\\\/\"]}]},{\"@type\":\"BreadcrumbList\",\"@id\":\"https:\\\/\\\/uwm.edu\\\/world-languages-cultures\\\/students\\\/undergraduates\\\/french\\\/festival-of-films-in-french\\\/festival-of-films-in-french-history\\\/#breadcrumb\",\"itemListElement\":[{\"@type\":\"ListItem\",\"position\":1,\"name\":\"Home\",\"item\":\"https:\\\/\\\/uwm.edu\\\/world-languages-cultures\\\/\"},{\"@type\":\"ListItem\",\"position\":2,\"name\":\"Student Resources\",\"item\":\"https:\\\/\\\/uwm.edu\\\/world-languages-cultures\\\/students\\\/\"},{\"@type\":\"ListItem\",\"position\":3,\"name\":\"Undergraduate\",\"item\":\"https:\\\/\\\/uwm.edu\\\/world-languages-cultures\\\/students\\\/undergraduates\\\/\"},{\"@type\":\"ListItem\",\"position\":4,\"name\":\"French\",\"item\":\"https:\\\/\\\/uwm.edu\\\/world-languages-cultures\\\/students\\\/undergraduates\\\/french\\\/\"},{\"@type\":\"ListItem\",\"position\":5,\"name\":\"Festival of Films in French\",\"item\":\"https:\\\/\\\/uwm.edu\\\/world-languages-cultures\\\/students\\\/undergraduates\\\/french\\\/festival-of-films-in-french\\\/\"},{\"@type\":\"ListItem\",\"position\":6,\"name\":\"Festival of Films in French History\"}]},{\"@type\":\"WebSite\",\"@id\":\"https:\\\/\\\/uwm.edu\\\/world-languages-cultures\\\/#website\",\"url\":\"https:\\\/\\\/uwm.edu\\\/world-languages-cultures\\\/\",\"name\":\"World Languages &amp; Cultures\",\"description\":\"College of Letters and Science\",\"potentialAction\":[{\"@type\":\"SearchAction\",\"target\":{\"@type\":\"EntryPoint\",\"urlTemplate\":\"https:\\\/\\\/uwm.edu\\\/world-languages-cultures\\\/?s={search_term_string}\"},\"query-input\":{\"@type\":\"PropertyValueSpecification\",\"valueRequired\":true,\"valueName\":\"search_term_string\"}}],\"inLanguage\":\"en-US\"}]}<\/script>\n<!-- \/ Yoast SEO Premium plugin. -->","yoast_head_json":{"title":"World Languages &amp; Cultures","robots":{"index":"index","follow":"follow","max-snippet":"max-snippet:-1","max-image-preview":"max-image-preview:large","max-video-preview":"max-video-preview:-1"},"canonical":"https:\/\/uwm.edu\/world-languages-cultures\/students\/undergraduates\/french\/festival-of-films-in-french\/festival-of-films-in-french-history\/","og_locale":"en_US","og_type":"article","og_title":"Festival of Films in French History","og_description":"It all started at the beginning of 1998. UW-Milwaukee French professors Martine Darmon Meyer (1929-2013) and Gabrielle Verdier had just received a grant from the Wisconsin Humanities Council to celebrate the Sesquicentennial of Wisconsin\u2019s statehood, in 1848. Inspired by all &hellip;","og_url":"https:\/\/uwm.edu\/world-languages-cultures\/students\/undergraduates\/french\/festival-of-films-in-french\/festival-of-films-in-french-history\/","og_site_name":"World Languages &amp; Cultures","article_modified_time":"2026-03-12T21:21:44+00:00","twitter_card":"summary_large_image","twitter_misc":{"Est. reading time":"6 minutes"},"schema":{"@context":"https:\/\/schema.org","@graph":[{"@type":"WebPage","@id":"https:\/\/uwm.edu\/world-languages-cultures\/students\/undergraduates\/french\/festival-of-films-in-french\/festival-of-films-in-french-history\/","url":"https:\/\/uwm.edu\/world-languages-cultures\/students\/undergraduates\/french\/festival-of-films-in-french\/festival-of-films-in-french-history\/","name":"Festival of Films in French History - World Languages &amp; Cultures","isPartOf":{"@id":"https:\/\/uwm.edu\/world-languages-cultures\/#website"},"datePublished":"2026-03-12T21:21:43+00:00","dateModified":"2026-03-12T21:21:44+00:00","breadcrumb":{"@id":"https:\/\/uwm.edu\/world-languages-cultures\/students\/undergraduates\/french\/festival-of-films-in-french\/festival-of-films-in-french-history\/#breadcrumb"},"inLanguage":"en-US","potentialAction":[{"@type":"ReadAction","target":["https:\/\/uwm.edu\/world-languages-cultures\/students\/undergraduates\/french\/festival-of-films-in-french\/festival-of-films-in-french-history\/"]}]},{"@type":"BreadcrumbList","@id":"https:\/\/uwm.edu\/world-languages-cultures\/students\/undergraduates\/french\/festival-of-films-in-french\/festival-of-films-in-french-history\/#breadcrumb","itemListElement":[{"@type":"ListItem","position":1,"name":"Home","item":"https:\/\/uwm.edu\/world-languages-cultures\/"},{"@type":"ListItem","position":2,"name":"Student Resources","item":"https:\/\/uwm.edu\/world-languages-cultures\/students\/"},{"@type":"ListItem","position":3,"name":"Undergraduate","item":"https:\/\/uwm.edu\/world-languages-cultures\/students\/undergraduates\/"},{"@type":"ListItem","position":4,"name":"French","item":"https:\/\/uwm.edu\/world-languages-cultures\/students\/undergraduates\/french\/"},{"@type":"ListItem","position":5,"name":"Festival of Films in French","item":"https:\/\/uwm.edu\/world-languages-cultures\/students\/undergraduates\/french\/festival-of-films-in-french\/"},{"@type":"ListItem","position":6,"name":"Festival of Films in French History"}]},{"@type":"WebSite","@id":"https:\/\/uwm.edu\/world-languages-cultures\/#website","url":"https:\/\/uwm.edu\/world-languages-cultures\/","name":"World Languages &amp; Cultures","description":"College of Letters and Science","potentialAction":[{"@type":"SearchAction","target":{"@type":"EntryPoint","urlTemplate":"https:\/\/uwm.edu\/world-languages-cultures\/?s={search_term_string}"},"query-input":{"@type":"PropertyValueSpecification","valueRequired":true,"valueName":"search_term_string"}}],"inLanguage":"en-US"}]}},"acf":[],"_links":{"self":[{"href":"https:\/\/uwm.edu\/world-languages-cultures\/wp-json\/wp\/v2\/pages\/24567","targetHints":{"allow":["GET"]}}],"collection":[{"href":"https:\/\/uwm.edu\/world-languages-cultures\/wp-json\/wp\/v2\/pages"}],"about":[{"href":"https:\/\/uwm.edu\/world-languages-cultures\/wp-json\/wp\/v2\/types\/page"}],"author":[{"embeddable":true,"href":"https:\/\/uwm.edu\/world-languages-cultures\/wp-json\/wp\/v2\/users\/1272"}],"replies":[{"embeddable":true,"href":"https:\/\/uwm.edu\/world-languages-cultures\/wp-json\/wp\/v2\/comments?post=24567"}],"version-history":[{"count":1,"href":"https:\/\/uwm.edu\/world-languages-cultures\/wp-json\/wp\/v2\/pages\/24567\/revisions"}],"predecessor-version":[{"id":24568,"href":"https:\/\/uwm.edu\/world-languages-cultures\/wp-json\/wp\/v2\/pages\/24567\/revisions\/24568"}],"up":[{"embeddable":true,"href":"https:\/\/uwm.edu\/world-languages-cultures\/wp-json\/wp\/v2\/pages\/24270"}],"wp:attachment":[{"href":"https:\/\/uwm.edu\/world-languages-cultures\/wp-json\/wp\/v2\/media?parent=24567"}],"curies":[{"name":"wp","href":"https:\/\/api.w.org\/{rel}","templated":true}]}}