  {"id":34884,"date":"2022-07-29T09:46:41","date_gmt":"2022-07-29T14:46:41","guid":{"rendered":"https:\/\/uwm.edu\/libraries\/?page_id=34884"},"modified":"2026-02-25T13:17:19","modified_gmt":"2026-02-25T19:17:19","slug":"mccoll-research-fellows","status":"publish","type":"page","link":"https:\/\/uwm.edu\/libraries\/agsl\/agsl-fellowships\/mccoll-research-fellows\/","title":{"rendered":"McColl Research Fellows &#8211; 2005-2015, 2019"},"content":{"rendered":"\n<div class=\"uwm-l-row uwm-l-row--3\">\n<div class=\"uwm-l-col\">\n<h2 class=\"wp-block-heading\" id=\"a0\">2019<\/h2>\n\n\n\n<p><strong>Mark Hineline,<\/strong> Michigan State University<br>\u201cLives and times of great geographic thinkers.\u201d<\/p>\n\n\n\n<p><strong>Amanda Murphyao<\/strong>, Carleton University (Canada)<br>\u201cMis\/representations of Nunavut in Cartography, Cartouches, and Cartoons.\u201d<\/p>\n\n\n\n<h2 class=\"wp-block-heading\" id=\"a1\">2015<\/h2>\n\n\n\n<p><strong>Mirela Alti\u0107,<\/strong> Institute of Social Sciences, Zagreb, Croatia. \u201cTransatlantic cultural exchange: Jesuit Missionaries as geographers and cartographers of the New World.\u201d<\/p>\n\n\n\n<p><strong>Hanne Nielsen,<\/strong>&nbsp;University&nbsp;of&nbsp;Tasmania. \u201cNot&nbsp;For&nbsp;Sale?:&nbsp;Symbolic&nbsp;Representations<br>of Antarctica&nbsp;for Commercial Purposes.\u201d<\/p>\n\n\n\n<p><strong>Si Jin Oh,<\/strong> Legal Research Institute, Korea University School of Law. \u201cThe \u201cWar\u201d of maps in East Asia: the modality of law and power in maps.\u201d<\/p>\n\n\n\n<h2 class=\"wp-block-heading\" id=\"a2\"><strong>2014<\/strong><\/h2>\n\n\n\n<p><strong>John Cloud,<\/strong> Historian to NOAA under contract to the National Maritime Heritage Foundation. \u201cIndigenous American ethnography and cartography.\u201d<\/p>\n\n\n\n<p><strong>Elizabeth Tarantino,<\/strong> University of Oxford. \u201cGeography and geographical lore in John Rastall\u2019s play \u201c<em>Four Elements<\/em>\u201d.\u201d<\/p>\n\n\n\n<p><strong>Mirela Alti\u0107,<\/strong> Institute of Social Sciences, Zagreb, Croatia. \u201cThe Peace Treaty of Versailles and the role of maps on the reshaping of the Balkans in the aftermath of WWI.\u201d<\/p>\n\n\n\n<h2 class=\"wp-block-heading\" id=\"a3\"><strong>2013<\/strong><\/h2>\n\n\n\n<p><strong>Adrian Howkins<\/strong>, Colorado State University. \u201cLands of Darkness and Light: An Environmental History of the Polar Regions.\u201d<\/p>\n\n\n\n<p><strong>Taylor Spence<\/strong>, Sewanee \u2013 The University of the South. \u201cThe Endless Commons: Indigenous and Immigrant in the British-American Borderland, 1783-1850.\u201d<\/p>\n\n\n\n<p><strong>Michel R. Oudijk<\/strong>, Instituto de Investigaciones Filol\u00f3gicas Universidad Nacional Aut\u00f3noma de M\u00e9xico and&nbsp;<strong>Dr. Sebastian van Doesburg<\/strong>, Coordinaci\u00f3n de Humanidades Universidad Nacional Aut\u00f3noma de M\u00e9xico. \u201cThe Lienzo de Santa Catarina Ixtepeji.\u201d<\/p>\n\n\n\n<h2 class=\"wp-block-heading\" id=\"a4\"><strong>2012<\/strong><\/h2>\n\n\n\n<p><strong>Irakli Iakobashvili<\/strong>, Parliament of Georgia Archives, Republic of Georgia. \u201cKhevsureti: Returning to an earthly paradise.\u201d<\/p>\n\n\n\n<p><strong>Geoffrey Martin<\/strong>,Southern Connecticut State University. \u201cCompleting a history of American geographic thought ca. 1860s to 1960.\u201d<\/p>\n\n\n\n<p><strong>Ian Muehlenhaus<\/strong>,University of Wisconsin-La Crosse. \u201cAn analysis of how map representations of China (from 1900 to the present) changed on maps and globes for educational purposes.\u201d<\/p>\n\n\n\n<h2 class=\"wp-block-heading\" id=\"a5\"><strong>2011<\/strong><\/h2>\n\n\n\n<p><strong>Halla Kim<\/strong>&nbsp;\u2013 University of Nebraska at Omaha. \u201cOn the Cosmological Foundation of Daedong Yeojido.\u201d<\/p>\n\n\n\n<p><strong>Matthew Boyd Goldie<\/strong>, Rider University. \u201cInsularity, particularly the British Isles, in the later Middle Ages.\u201d<\/p>\n\n\n\n<p><strong>Alastair Pearson<\/strong>, University of Portsmouth. \u201cThe International Map of the World and its impact on world cartography during the Twentieth Century.\u201d<\/p>\n\n\n\n<h2 class=\"wp-block-heading\" id=\"a6\"><strong>2010<\/strong><\/h2>\n\n\n\n<p><strong>Kieran Rankin<\/strong>, Ussher Library, Trinity College, Dublin, Ireland. \u201cRichard Hartshorn: Architect of Boundary Studies in Political Geography.\u201d<\/p>\n\n\n\n<p><strong>Steven Seegel<\/strong>, University of Northern Colorado. \u201cIcons of Power: The Modern History of Cartography in East-Central European Borderlands.\u201d<\/p>\n\n\n\n<p><strong>John Cloud<\/strong>, NOAA Central Library. \u201cA study of the \u201clarger cartography\u201d of the US Coast Survey.\u201d<\/p>\n\n\n\n<h2 class=\"wp-block-heading\" id=\"a7\"><strong>2009<\/strong><\/h2>\n\n\n\n<p><strong>Carla Mariana Lois<\/strong>,&nbsp;University of Buenos Aires. \u201cLooking at Ourselves through Others\u2019 Eyes: Foreign Maps and International Networks in Argentinean Cartographical Institutions and Early Argentinean Maps, 1853-1955.\u201d<\/p>\n\n\n\n<h2 class=\"wp-block-heading\" id=\"a8\"><strong>2008<\/strong><\/h2>\n\n\n\n<p><strong>Heather Winlow<\/strong>, Bath Spa University (UK). \u201cThe cartographic representation of the American Indian population in the U.S. between 1850 and 1950.\u201d<\/p>\n\n\n\n<p><strong>Jorge Guzman-Gutierrez<\/strong>, Scott Polar Institute, Univ. of Cambridge (UK). \u201cThe historical geography of the southernmost regions of the Americas.\u201d<\/p>\n\n\n\n<h2 class=\"wp-block-heading\" id=\"a9\"><strong>2007<\/strong><\/h2>\n\n\n\n<p><strong>Ute Schneider<\/strong>, Darmstadt University of Technology (Germany). \u201cThe International Map of the World Between Science and Politics.\u201d<\/p>\n\n\n\n<p><strong>Michael Heffernan<\/strong>, University of Nottingham (United Kingdom). \u201cThe American Geographical Society and the 1:1 Million Map of Hispanic America.\u201d<\/p>\n\n\n\n<h2 class=\"wp-block-heading\" id=\"a10\"><strong>2006<\/strong><\/h2>\n\n\n\n<p><strong>Alexei Postnikov<\/strong>&nbsp;, Russian Academy of Sciences (Russia). \u201cAmerican and British exploration of Siberia and its importance in studies of nature, natives and Russians of these frontier regions (nineteenth \u2013 early twentieth centuries).\u201d<\/p>\n\n\n\n<p><strong>Irakli Iakobashvili<\/strong>, Parliament of Georgia Archives (Republic of Georgia). \u201cPhotographs and research notes from the William O. Field archives relating to the Caucasus in the 1920s and 1930s.\u201d<\/p>\n<\/div>\n\n\n\n<div class=\"uwm-l-col uwm-l-col--4 uwm-l-offset--1\"><div class=\"content_block\" id=\"custom_post_widget-31746\"><nav aria-label=\"Sidebar\" class=\"uwm-p-navigation-list uwm-p-navigation-list--gold-border \"><div class=\"uwm-p-navigation-list--title\"><a href=\"https:\/\/uwm.edu\/libraries\/agsl\/\">American Geographical Society Library<\/a><\/div><ul><li><a href=\"https:\/\/uwm.edu\/libraries\/directory\/?_people_categories_facet=agsl\">Staff<\/a><\/li><li><a href=\"https:\/\/uwm.edu\/libraries\/agsl\/agsl-visit\/\">Visit<\/a><\/li><li><a href=\"https:\/\/uwm.edu\/libraries\/agsl\/agsl-resources\/\">Explore<\/a><\/li><li><a href=\"https:\/\/uwm.edu\/libraries\/agsl\/collections\/\">AGSL Collections<\/a><\/li><li><a href=\"https:\/\/uwm.edu\/libraries\/agsl\/agsl-geospatial-data\/\">GIS &amp; Geospatial Data<\/a><\/li><li><a href=\"https:\/\/uwm.edu\/libraries\/agsl\/agsl-news-events\/\">News &amp; Events<\/a><\/li><li><a href=\"https:\/\/uwm.edu\/libraries\/agsl\/agsl-fellowships\/\">Fellowships<\/a><ul><li><a href=\"https:\/\/uwm.edu\/libraries\/agsl\/agsl-fellowships\/how-to-apply\/\">How to Apply<\/a><\/li><li><a class=\"current\" href=\"https:\/\/uwm.edu\/libraries\/agsl\/agsl-fellowships\/mccoll-research-fellows\/\"><span aria-current=\"page\">McColl Research Fellows \u2013 2005-2015, 2019<\/span><\/a><\/li><li><a href=\"https:\/\/uwm.edu\/libraries\/agsl\/agsl-fellowships\/testimonials\/\">Testimonials<\/a><\/li><\/ul><\/li><li><a href=\"https:\/\/uwm.edu\/libraries\/agsl\/about\/\">About<\/a><\/li><\/ul><\/nav>\n\n\n<p><\/p>\n<\/div>\n<\/div>\n<\/div>\n","protected":false},"excerpt":{"rendered":"","protected":false},"author":1463,"featured_media":0,"parent":34864,"menu_order":281,"comment_status":"closed","ping_status":"closed","template":"","meta":{"_acf_changed":false,"footnotes":"","uwm_wg_additional_authors":[24074]},"class_list":["post-34884","page","type-page","status-publish","hentry"],"yoast_head":"<!-- This site is optimized with the Yoast SEO Premium plugin v27.3 (Yoast SEO v27.3) - https:\/\/yoast.com\/product\/yoast-seo-premium-wordpress\/ -->\n<title>51ÁÔÆæ Libraries<\/title>\n<meta name=\"robots\" content=\"index, follow, max-snippet:-1, max-image-preview:large, max-video-preview:-1\" \/>\n<link rel=\"canonical\" href=\"https:\/\/uwm.edu\/libraries\/agsl\/agsl-fellowships\/mccoll-research-fellows\/\" \/>\n<meta property=\"og:locale\" content=\"en_US\" \/>\n<meta property=\"og:type\" content=\"article\" \/>\n<meta property=\"og:title\" content=\"McColl Research Fellows - 2005-2015, 2019\" \/>\n<meta property=\"og:url\" content=\"https:\/\/uwm.edu\/libraries\/agsl\/agsl-fellowships\/mccoll-research-fellows\/\" \/>\n<meta property=\"og:site_name\" content=\"51ÁÔÆæ Libraries\" \/>\n<meta property=\"article:modified_time\" content=\"2026-02-25T19:17:19+00:00\" \/>\n<meta name=\"twitter:card\" content=\"summary_large_image\" \/>\n<meta name=\"twitter:label1\" content=\"Est. reading time\" \/>\n\t<meta name=\"twitter:data1\" content=\"3 minutes\" \/>\n<script type=\"application\/ld+json\" class=\"yoast-schema-graph\">{\"@context\":\"https:\\\/\\\/schema.org\",\"@graph\":[{\"@type\":\"WebPage\",\"@id\":\"https:\\\/\\\/uwm.edu\\\/libraries\\\/agsl\\\/agsl-fellowships\\\/mccoll-research-fellows\\\/\",\"url\":\"https:\\\/\\\/uwm.edu\\\/libraries\\\/agsl\\\/agsl-fellowships\\\/mccoll-research-fellows\\\/\",\"name\":\"McColl Research Fellows - 2005-2015, 2019 - 51ÁÔÆæ Libraries\",\"isPartOf\":{\"@id\":\"https:\\\/\\\/uwm.edu\\\/libraries\\\/#website\"},\"datePublished\":\"2022-07-29T14:46:41+00:00\",\"dateModified\":\"2026-02-25T19:17:19+00:00\",\"breadcrumb\":{\"@id\":\"https:\\\/\\\/uwm.edu\\\/libraries\\\/agsl\\\/agsl-fellowships\\\/mccoll-research-fellows\\\/#breadcrumb\"},\"inLanguage\":\"en-US\",\"potentialAction\":[{\"@type\":\"ReadAction\",\"target\":[\"https:\\\/\\\/uwm.edu\\\/libraries\\\/agsl\\\/agsl-fellowships\\\/mccoll-research-fellows\\\/\"]}]},{\"@type\":\"BreadcrumbList\",\"@id\":\"https:\\\/\\\/uwm.edu\\\/libraries\\\/agsl\\\/agsl-fellowships\\\/mccoll-research-fellows\\\/#breadcrumb\",\"itemListElement\":[{\"@type\":\"ListItem\",\"position\":1,\"name\":\"Home\",\"item\":\"https:\\\/\\\/uwm.edu\\\/libraries\\\/\"},{\"@type\":\"ListItem\",\"position\":2,\"name\":\"American Geographical Society Library\",\"item\":\"https:\\\/\\\/uwm.edu\\\/libraries\\\/agsl\\\/\"},{\"@type\":\"ListItem\",\"position\":3,\"name\":\"Fellowships\",\"item\":\"https:\\\/\\\/uwm.edu\\\/libraries\\\/agsl\\\/agsl-fellowships\\\/\"},{\"@type\":\"ListItem\",\"position\":4,\"name\":\"McColl Research Fellows &#8211; 2005-2015, 2019\"}]},{\"@type\":\"WebSite\",\"@id\":\"https:\\\/\\\/uwm.edu\\\/libraries\\\/#website\",\"url\":\"https:\\\/\\\/uwm.edu\\\/libraries\\\/\",\"name\":\"51ÁÔÆæ Libraries\",\"description\":\"\",\"potentialAction\":[{\"@type\":\"SearchAction\",\"target\":{\"@type\":\"EntryPoint\",\"urlTemplate\":\"https:\\\/\\\/uwm.edu\\\/libraries\\\/?s={search_term_string}\"},\"query-input\":{\"@type\":\"PropertyValueSpecification\",\"valueRequired\":true,\"valueName\":\"search_term_string\"}}],\"inLanguage\":\"en-US\"}]}<\/script>\n<!-- \/ Yoast SEO Premium plugin. -->","yoast_head_json":{"title":"51ÁÔÆæ Libraries","robots":{"index":"index","follow":"follow","max-snippet":"max-snippet:-1","max-image-preview":"max-image-preview:large","max-video-preview":"max-video-preview:-1"},"canonical":"https:\/\/uwm.edu\/libraries\/agsl\/agsl-fellowships\/mccoll-research-fellows\/","og_locale":"en_US","og_type":"article","og_title":"McColl Research Fellows - 2005-2015, 2019","og_url":"https:\/\/uwm.edu\/libraries\/agsl\/agsl-fellowships\/mccoll-research-fellows\/","og_site_name":"51ÁÔÆæ Libraries","article_modified_time":"2026-02-25T19:17:19+00:00","twitter_card":"summary_large_image","twitter_misc":{"Est. reading time":"3 minutes"},"schema":{"@context":"https:\/\/schema.org","@graph":[{"@type":"WebPage","@id":"https:\/\/uwm.edu\/libraries\/agsl\/agsl-fellowships\/mccoll-research-fellows\/","url":"https:\/\/uwm.edu\/libraries\/agsl\/agsl-fellowships\/mccoll-research-fellows\/","name":"McColl Research Fellows - 2005-2015, 2019 - 51ÁÔÆæ Libraries","isPartOf":{"@id":"https:\/\/uwm.edu\/libraries\/#website"},"datePublished":"2022-07-29T14:46:41+00:00","dateModified":"2026-02-25T19:17:19+00:00","breadcrumb":{"@id":"https:\/\/uwm.edu\/libraries\/agsl\/agsl-fellowships\/mccoll-research-fellows\/#breadcrumb"},"inLanguage":"en-US","potentialAction":[{"@type":"ReadAction","target":["https:\/\/uwm.edu\/libraries\/agsl\/agsl-fellowships\/mccoll-research-fellows\/"]}]},{"@type":"BreadcrumbList","@id":"https:\/\/uwm.edu\/libraries\/agsl\/agsl-fellowships\/mccoll-research-fellows\/#breadcrumb","itemListElement":[{"@type":"ListItem","position":1,"name":"Home","item":"https:\/\/uwm.edu\/libraries\/"},{"@type":"ListItem","position":2,"name":"American Geographical Society Library","item":"https:\/\/uwm.edu\/libraries\/agsl\/"},{"@type":"ListItem","position":3,"name":"Fellowships","item":"https:\/\/uwm.edu\/libraries\/agsl\/agsl-fellowships\/"},{"@type":"ListItem","position":4,"name":"McColl Research Fellows &#8211; 2005-2015, 2019"}]},{"@type":"WebSite","@id":"https:\/\/uwm.edu\/libraries\/#website","url":"https:\/\/uwm.edu\/libraries\/","name":"51ÁÔÆæ Libraries","description":"","potentialAction":[{"@type":"SearchAction","target":{"@type":"EntryPoint","urlTemplate":"https:\/\/uwm.edu\/libraries\/?s={search_term_string}"},"query-input":{"@type":"PropertyValueSpecification","valueRequired":true,"valueName":"search_term_string"}}],"inLanguage":"en-US"}]}},"acf":[],"_links":{"self":[{"href":"https:\/\/uwm.edu\/libraries\/wp-json\/wp\/v2\/pages\/34884","targetHints":{"allow":["GET"]}}],"collection":[{"href":"https:\/\/uwm.edu\/libraries\/wp-json\/wp\/v2\/pages"}],"about":[{"href":"https:\/\/uwm.edu\/libraries\/wp-json\/wp\/v2\/types\/page"}],"author":[{"embeddable":true,"href":"https:\/\/uwm.edu\/libraries\/wp-json\/wp\/v2\/users\/1463"}],"replies":[{"embeddable":true,"href":"https:\/\/uwm.edu\/libraries\/wp-json\/wp\/v2\/comments?post=34884"}],"version-history":[{"count":2,"href":"https:\/\/uwm.edu\/libraries\/wp-json\/wp\/v2\/pages\/34884\/revisions"}],"predecessor-version":[{"id":34894,"href":"https:\/\/uwm.edu\/libraries\/wp-json\/wp\/v2\/pages\/34884\/revisions\/34894"}],"up":[{"embeddable":true,"href":"https:\/\/uwm.edu\/libraries\/wp-json\/wp\/v2\/pages\/34864"}],"wp:attachment":[{"href":"https:\/\/uwm.edu\/libraries\/wp-json\/wp\/v2\/media?parent=34884"}],"curies":[{"name":"wp","href":"https:\/\/api.w.org\/{rel}","templated":true}]}}