  
{"id":2600,"date":"2017-03-21T09:51:01","date_gmt":"2017-03-21T14:51:01","guid":{"rendered":"https:\/\/uwm.edu\/clacs\/?page_id=2600"},"modified":"2021-04-07T13:01:15","modified_gmt":"2021-04-07T18:01:15","slug":"39th-film-series-2017","status":"publish","type":"page","link":"https:\/\/uwm.edu\/clacs\/public-engagement\/film-series\/39th-film-series-2017\/","title":{"rendered":"39th Annual Latin American Film Series, 2017"},"content":{"rendered":"<h3>April 21-27, 2017<\/h3>\n<p><strong>51ÁÔÆæ Union Theatre<\/strong><br \/>\n2200 East Kenwood Boulevard<\/p>\n<p><strong>Free Admission<\/strong><\/p>\n<p>All films will be shown in their original language with English subtitles. Films are not rated; many include adult content. For more information please call the Center for Latin American and Caribbean Studies at (414) 229-5986.<\/p>\n<h4>Friday, April 21<br \/>\n7:00 pm<\/h4>\n<p><strong>3 Beauties (3 Bellezas)<\/strong><br \/>\nVenezuela, 2014, 97 min<br \/>\nBlu-ray \u2013 Directed by Carlos Caridad Montero<\/p>\n<p>Perla, one of Venezuela\u2019s beauty queens, is a single mother with three children \u2013 two daughters and a son who endure the impact of their mother\u2019s obsession with beauty pageantry. The family is forced to follow Perla\u2019s dream to make \u201cprincesses\u201d out of her daughters, leading to a lived nightmare in this dark comedy. <em>Winner of Venezuelan Film Festival in New York Best Feature Award<\/em><\/p>\n<p><iframe loading=\"lazy\" frameborder=\"0\" height=\"315\" src=\"https:\/\/www.youtube.com\/embed\/cpBIoP5Lo_Y\" width=\"560\"><\/iframe><\/p>\n<h4>9:00 pm<\/h4>\n<p><strong>Guaran\u00ed (Guaran\u00ed)*<\/strong><br \/>\nArgentina\/Paraguay, 2015, 85 min<br \/>\nBlu-ray \u2013 Directed by Luis Zorraqu\u00edn<\/p>\n<p>Guaran\u00ed follows Iara and her grandfather Atilio, a fisherman and smuggler, on their journey to Buenos Aires. Convinced that a grandson might be born to carry on the Guaran\u00ed culture, Atilio brings Iara on a mission to convince her mother to give birth on Guaran\u00ed land across the border in Paraguay. The long journey reveals the familial bonds and traditions that bind the grandfather and daughter. <em>Winner of Ventana Sur European Vision Award and Winner of Festival Filmar en Am\u00e9rica Latina, Switzerland Youth Jury Award for Best Feature<\/em><\/p>\n<p><iframe loading=\"lazy\" frameborder=\"0\" height=\"315\" src=\"https:\/\/www.youtube.com\/embed\/_1cUbSYfeSs\" width=\"560\"><\/iframe><\/p>\n<h4>Saturday, April 22<br \/>\n5:00 pm<\/h4>\n<p><strong>A Moonless Night (Una Noche Sin Luna)*<\/strong><br \/>\nArgentina\/Uruguay, 2015, 81 min<br \/>\nBlu-ray &#8211; Directed by Germ\u00e1n Tejeira<\/p>\n<p>Three lone characters travel to a small town in the Uruguayan countryside \u2013 one is a divorced man, the other a small-time magician, and the third a guitar playing singer. All three seek opportunities to alter their destinies: to win back the love of a daughter, to perform and to be recognized. <em>Uruguay\u2019s official entry for the Academy Awards Best Foreign Language Film Category and Winner of Zurich Film Festival Best International Film Award<\/em><\/p>\n<p><iframe loading=\"lazy\" frameborder=\"0\" height=\"315\" src=\"https:\/\/www.youtube.com\/embed\/2uIQH_VHuII\" width=\"560\"><\/iframe><\/p>\n<h4>7pm<\/h4>\n<p><strong>The Romantic Barber (El Peluquero Rom\u00e1ntico)<\/strong><br \/>\nMexico, 2016, 93 min<br \/>\nBlu-ray &#8211; Directed by Iv\u00e1n \u00c1vila Due\u00f1as<\/p>\n<p>After the loss of his mother, a neighborhood barber tries to rebuild his emotional well-being and life. He passes the days in his barbershop and singing love songs at home until one day he takes a trip that changes his life.<br \/>\n<em>In collaboration with the Chicago Latino Film Festival<\/em><\/p>\n<p><iframe loading=\"lazy\" frameborder=\"0\" height=\"315\" src=\"https:\/\/www.youtube.com\/embed\/gDerD7ULChE\" width=\"560\"><\/iframe><\/p>\n<h4>Sunday, April 23<br \/>\n5:00 pm<\/h4>\n<p><strong>The Tenth Man (El Rey del Once)<\/strong><br \/>\nArgentina, 2016, 82 min<br \/>\nBlu-ray \u2013 Directed by Daniel Burman<\/p>\n<p>Ariel returns to Buenos Aires to visit his father, Usher, and introduce his girlfriend after many years living in the United States. When Ariel arrives, Usher communicates with him by phone and turns Ariel\u2019s visit into a series of charitable acts that help the community, reconnecting him with the Jewish traditions that once created differences in the family. He must weave his way in and out of his neighborhood meeting people from his childhood and El Once\u2019s large Jewish community. Meanwhile, he wonders if he will ever see his father. <em>Winner of Tribeca Film Festival Best Actor Award. Co-presented with the Sam and Helen Stahl Center for Jewish Studies.<\/em><\/p>\n<p><video id=\"video\" style=\"width: 598px;height: 450px\" poster=\"https:\/\/4f399d350e4882ff73b9-0f00c87f9e216dcd5acfbe5f7dfb64d7.ssl.cf2.rackcdn.com\/production\/trailers\/posters\/THETENTHMAN_STILL_5.jpg\" preload=\"auto\" controls=\"controls\" width=\"300\" height=\"150\"><\/video><\/p>\n<h4>7:00 pm<\/h4>\n<p><strong>Jeric\u00f3: The Infinite Flight of Days (Jeric\u00f3: El Infinito Vuelo de los D\u00edas)<\/strong><br \/>\nColombia, 2016, 77 min<br \/>\nBlu-ray \u2013 Directed by Catalina Mesa<\/p>\n<p>The women of many ages and backgrounds share their stories of love, humor, loss, wisdom, pain, and beauty in this beautiful and colorfully stunning documentary of the mountain village two hours from Medell\u00edn. Jeric\u00f3\u2019s vibrant landscape, culture, communal bonds and heritage are celebrated and shine on screen through the portraits of its strong, sensitive, dignified and passionate women.<br \/>\n<em>In collaboration with the Chicago Latino Film Festival<\/em><\/p>\n<p><iframe loading=\"lazy\" frameborder=\"0\" height=\"315\" src=\"https:\/\/www.youtube.com\/embed\/BxqCo2T6yNo\" width=\"560\"><\/iframe><\/p>\n<h4>Monday, April 24<br \/>\n7:00 pm<\/h4>\n<p><strong>Everybody Leaves (Todos Se Van)*<\/strong><br \/>\nColombia\/Cuba, 2015, 107 min<br \/>\nBlu-ray \u2013 Directed by Sergio Cabrera<\/p>\n<p>Based on the award-winning novel by Cuban writer Wendy Guerra, the film portrays the crises of 1980s Cuba. Nieve is a young girl torn between two parents with differing revolutionary ideals and roles, one a radio DJ and the other a playwright. The custody battle for Nieve reveals the heartbreaking complexities of her family while depicting the social and political turmoil in Cuba.<br \/>\n<iframe loading=\"lazy\" frameborder=\"0\" height=\"315\" src=\"https:\/\/www.youtube.com\/embed\/otbLUomUQZ8\" width=\"560\"><\/iframe><\/p>\n<h4>Tuesday, April 25<br \/>\n7:00 pm<\/h4>\n<p><strong>Don\u2019t Call Me Son (M\u00e3e S\u00f3 H\u00e1 Uma)<\/strong><br \/>\nBrazil, 2016, 82 min<br \/>\nBlu-ray \u2013 Directed by Anna Muylaert<\/p>\n<p>Pierre lives a full life; he plays in a band, has many friends, enjoys the company of men and women, and has a loving family. This is all turned upside down when DNA testing reveals that he was stolen at birth. He and his biological parents (who have been searching for him for seventeen years) are reunited only to find that families are always complex and negotiating expectations and ideals is not easy. <em>Winner of Berlin Film Festival Teddy Award \u2013 Manner Reader Jury Award. Co-presented with the Milwaukee LGBT Film\/Video Festival.<\/em><\/p>\n<p><iframe loading=\"lazy\" frameborder=\"0\" height=\"315\" src=\"https:\/\/www.youtube.com\/embed\/VHHvptOW774\" width=\"560\"><\/iframe><\/p>\n<h4>Wednesday, April 26<br \/>\n7:00 pm<\/h4>\n<p><strong>The Travel Agent (Peque\u00f1as Mentiras Piadosas)*<\/strong><br \/>\nCuba\/Spain\/Italy, 2015, 87 min<br \/>\nBlu-ray \u2013 Directed by Niccol\u00f2 Bruna<\/p>\n<p>Lourdes, a 58-year old woman working near the U.S. Interests Section, coaches those who seek assistance in procuring a travel visa for the United States. She helps people craft their answers to interview questions and guides them through the ins and outs of the process. She herself is mid-process in trying to visit her mother, son, brothers and other family living in Florida. This documentary takes a look at the visa process for Lourdes and many others. <em>Winner of International Documentary Film Festival Student Jury Award<\/em>.<\/p>\n<p><iframe loading=\"lazy\" frameborder=\"0\" height=\"315\" src=\"https:\/\/www.youtube.com\/embed\/ic1iNAJKOGI\" width=\"560\"><\/iframe><\/p>\n<h4>Thursday, April 27<br \/>\n7:00 pm<\/h4>\n<p><strong>Neruda (Neruda) <\/strong><br \/>\nArgentina\/Chile\/France\/Spain, 2016, 107 min<br \/>\nBlu-ray &#8211; Directed by Pablo Larra\u00edn<\/p>\n<p>Chile\u2019s most influential poet and political figure, Nobel Prize-winning Pablo Neruda is sought by the state, and Prefect Oscar Peluchonneau is tasked with arresting him. The two engage in a cat-and-mouse chase in this noir infused reimagining of Neruda\u2019s experience in forced hiding and internal exile with his wife Delia del Carril. <em>Chile\u2019s official entry for the Academy Awards Best Foreign Language Film Category and Nominated for Golden Globes Best Foreign Language Film<\/em>.<\/p>\n<p><iframe loading=\"lazy\" frameborder=\"0\" height=\"315\" src=\"https:\/\/www.youtube.com\/embed\/neUwXV_cSwM\" width=\"560\"><\/iframe><\/p>\n<p>The series is co-sponsored by Colectivo Coffee, 51ÁÔÆæ Union Sociocultural Programming, the Center for International Education, the Sam and Helen Stahl Center for Jewish Studies, the Milwaukee LGBT Film,\/Video Festival, the Center for 21st Century Studies, the Roberto Hern\u00e1ndez Center, the Honors College, Departments of Africology, Art History, Film Studies (English), French, Italian and Comparative Literature (FICL), History, MA in Language, Literature and Translation (MALLT), Political Science, Translation &amp; Interpreting Studies, Spanish &amp; Portuguese, Urban Studies, Women\u2019s and Gender Studies, the Latin American and Caribbean Studies Certificate Program, and the major in Latin American, Caribbean, and U.S. Latin@ Studies (LACUSL). <strong>In collaboration with the Chicago Latino Film Festival.<\/strong><\/p>\n<p><strong>*LAFS 2017 includes five films funded in part by a Spanish Film Club Grant. The Spanish Film Club series was made possible with the support of Pragda, Spain arts &amp; culture and the Secretary of State for Culture of Spain.<\/strong><\/p>\n","protected":false},"excerpt":{"rendered":"<p>April 21-27, 2017 51ÁÔÆæ Union Theatre 2200 East Kenwood Boulevard Free Admission All films will be shown in their original language with English subtitles. Films are not rated; many include adult content. For more information please call the Center for &hellip; <span class=\"ls-more-link\"><a href=\"https:\/\/uwm.edu\/clacs\/public-engagement\/film-series\/39th-film-series-2017\/\"><em>Continue Reading<\/em> &raquo;<\/a><\/span>","protected":false},"author":30,"featured_media":0,"parent":714,"menu_order":8,"comment_status":"closed","ping_status":"closed","template":"page-templates\/ls-2col-sidebar-left.php","meta":{"_acf_changed":false,"footnotes":"","uwm_wg_additional_authors":[]},"class_list":["post-2600","page","type-page","status-publish","hentry"],"yoast_head":"<!-- This site is optimized with the Yoast SEO Premium plugin v27.3 (Yoast SEO v27.3) - https:\/\/yoast.com\/product\/yoast-seo-premium-wordpress\/ -->\n<title>39th Annual Latin American Film Series, 2017 - Center for Latin American &amp; Caribbean Studies<\/title>\n<meta name=\"robots\" content=\"index, follow, max-snippet:-1, max-image-preview:large, max-video-preview:-1\" \/>\n<link rel=\"canonical\" href=\"https:\/\/uwm.edu\/clacs\/public-engagement\/film-series\/39th-film-series-2017\/\" \/>\n<meta property=\"og:locale\" content=\"en_US\" \/>\n<meta property=\"og:type\" content=\"article\" \/>\n<meta property=\"og:title\" content=\"39th Annual Latin American Film Series, 2017\" \/>\n<meta property=\"og:description\" content=\"April 21-27, 2017 51ÁÔÆæ Union Theatre 2200 East Kenwood Boulevard Free Admission All films will be shown in their original language with English subtitles. Films are not rated; many include adult content. For more information please call the Center for\" \/>\n<meta property=\"og:url\" content=\"https:\/\/uwm.edu\/clacs\/public-engagement\/film-series\/39th-film-series-2017\/\" \/>\n<meta property=\"og:site_name\" content=\"Center for Latin American &amp; Caribbean Studies\" \/>\n<meta property=\"article:modified_time\" content=\"2021-04-07T18:01:15+00:00\" \/>\n<meta name=\"twitter:card\" content=\"summary_large_image\" \/>\n<meta name=\"twitter:label1\" content=\"Est. reading time\" \/>\n\t<meta name=\"twitter:data1\" content=\"6 minutes\" \/>\n<script type=\"application\/ld+json\" class=\"yoast-schema-graph\">{\"@context\":\"https:\\\/\\\/schema.org\",\"@graph\":[{\"@type\":\"WebPage\",\"@id\":\"https:\\\/\\\/uwm.edu\\\/clacs\\\/public-engagement\\\/film-series\\\/39th-film-series-2017\\\/\",\"url\":\"https:\\\/\\\/uwm.edu\\\/clacs\\\/public-engagement\\\/film-series\\\/39th-film-series-2017\\\/\",\"name\":\"39th Annual Latin American Film Series, 2017 - Center for Latin American &amp; Caribbean Studies\",\"isPartOf\":{\"@id\":\"https:\\\/\\\/uwm.edu\\\/clacs\\\/#website\"},\"datePublished\":\"2017-03-21T14:51:01+00:00\",\"dateModified\":\"2021-04-07T18:01:15+00:00\",\"breadcrumb\":{\"@id\":\"https:\\\/\\\/uwm.edu\\\/clacs\\\/public-engagement\\\/film-series\\\/39th-film-series-2017\\\/#breadcrumb\"},\"inLanguage\":\"en-US\",\"potentialAction\":[{\"@type\":\"ReadAction\",\"target\":[\"https:\\\/\\\/uwm.edu\\\/clacs\\\/public-engagement\\\/film-series\\\/39th-film-series-2017\\\/\"]}]},{\"@type\":\"BreadcrumbList\",\"@id\":\"https:\\\/\\\/uwm.edu\\\/clacs\\\/public-engagement\\\/film-series\\\/39th-film-series-2017\\\/#breadcrumb\",\"itemListElement\":[{\"@type\":\"ListItem\",\"position\":1,\"name\":\"Home\",\"item\":\"https:\\\/\\\/uwm.edu\\\/clacs\\\/\"},{\"@type\":\"ListItem\",\"position\":2,\"name\":\"Public Engagement\",\"item\":\"https:\\\/\\\/uwm.edu\\\/clacs\\\/public-engagement\\\/\"},{\"@type\":\"ListItem\",\"position\":3,\"name\":\"39th Annual Latin American Film Series, 2017\"}]},{\"@type\":\"WebSite\",\"@id\":\"https:\\\/\\\/uwm.edu\\\/clacs\\\/#website\",\"url\":\"https:\\\/\\\/uwm.edu\\\/clacs\\\/\",\"name\":\"Center for Latin American &amp; Caribbean Studies\",\"description\":\"UW-Milwaukee\",\"potentialAction\":[{\"@type\":\"SearchAction\",\"target\":{\"@type\":\"EntryPoint\",\"urlTemplate\":\"https:\\\/\\\/uwm.edu\\\/clacs\\\/?s={search_term_string}\"},\"query-input\":{\"@type\":\"PropertyValueSpecification\",\"valueRequired\":true,\"valueName\":\"search_term_string\"}}],\"inLanguage\":\"en-US\"}]}<\/script>\n<!-- \/ Yoast SEO Premium plugin. -->","yoast_head_json":{"title":"39th Annual Latin American Film Series, 2017 - Center for Latin American &amp; Caribbean Studies","robots":{"index":"index","follow":"follow","max-snippet":"max-snippet:-1","max-image-preview":"max-image-preview:large","max-video-preview":"max-video-preview:-1"},"canonical":"https:\/\/uwm.edu\/clacs\/public-engagement\/film-series\/39th-film-series-2017\/","og_locale":"en_US","og_type":"article","og_title":"39th Annual Latin American Film Series, 2017","og_description":"April 21-27, 2017 51ÁÔÆæ Union Theatre 2200 East Kenwood Boulevard Free Admission All films will be shown in their original language with English subtitles. Films are not rated; many include adult content. For more information please call the Center for","og_url":"https:\/\/uwm.edu\/clacs\/public-engagement\/film-series\/39th-film-series-2017\/","og_site_name":"Center for Latin American &amp; Caribbean Studies","article_modified_time":"2021-04-07T18:01:15+00:00","twitter_card":"summary_large_image","twitter_misc":{"Est. reading time":"6 minutes"},"schema":{"@context":"https:\/\/schema.org","@graph":[{"@type":"WebPage","@id":"https:\/\/uwm.edu\/clacs\/public-engagement\/film-series\/39th-film-series-2017\/","url":"https:\/\/uwm.edu\/clacs\/public-engagement\/film-series\/39th-film-series-2017\/","name":"39th Annual Latin American Film Series, 2017 - Center for Latin American &amp; Caribbean Studies","isPartOf":{"@id":"https:\/\/uwm.edu\/clacs\/#website"},"datePublished":"2017-03-21T14:51:01+00:00","dateModified":"2021-04-07T18:01:15+00:00","breadcrumb":{"@id":"https:\/\/uwm.edu\/clacs\/public-engagement\/film-series\/39th-film-series-2017\/#breadcrumb"},"inLanguage":"en-US","potentialAction":[{"@type":"ReadAction","target":["https:\/\/uwm.edu\/clacs\/public-engagement\/film-series\/39th-film-series-2017\/"]}]},{"@type":"BreadcrumbList","@id":"https:\/\/uwm.edu\/clacs\/public-engagement\/film-series\/39th-film-series-2017\/#breadcrumb","itemListElement":[{"@type":"ListItem","position":1,"name":"Home","item":"https:\/\/uwm.edu\/clacs\/"},{"@type":"ListItem","position":2,"name":"Public Engagement","item":"https:\/\/uwm.edu\/clacs\/public-engagement\/"},{"@type":"ListItem","position":3,"name":"39th Annual Latin American Film Series, 2017"}]},{"@type":"WebSite","@id":"https:\/\/uwm.edu\/clacs\/#website","url":"https:\/\/uwm.edu\/clacs\/","name":"Center for Latin American &amp; Caribbean Studies","description":"UW-Milwaukee","potentialAction":[{"@type":"SearchAction","target":{"@type":"EntryPoint","urlTemplate":"https:\/\/uwm.edu\/clacs\/?s={search_term_string}"},"query-input":{"@type":"PropertyValueSpecification","valueRequired":true,"valueName":"search_term_string"}}],"inLanguage":"en-US"}]}},"acf":[],"publishpress_future_action":{"enabled":false,"date":"2026-04-22 22:29:05","action":"change-status","newStatus":"draft","terms":[],"taxonomy":"","extraData":[]},"publishpress_future_workflow_manual_trigger":{"enabledWorkflows":[]},"_links":{"self":[{"href":"https:\/\/uwm.edu\/clacs\/wp-json\/wp\/v2\/pages\/2600","targetHints":{"allow":["GET"]}}],"collection":[{"href":"https:\/\/uwm.edu\/clacs\/wp-json\/wp\/v2\/pages"}],"about":[{"href":"https:\/\/uwm.edu\/clacs\/wp-json\/wp\/v2\/types\/page"}],"author":[{"embeddable":true,"href":"https:\/\/uwm.edu\/clacs\/wp-json\/wp\/v2\/users\/30"}],"replies":[{"embeddable":true,"href":"https:\/\/uwm.edu\/clacs\/wp-json\/wp\/v2\/comments?post=2600"}],"version-history":[{"count":19,"href":"https:\/\/uwm.edu\/clacs\/wp-json\/wp\/v2\/pages\/2600\/revisions"}],"predecessor-version":[{"id":4225,"href":"https:\/\/uwm.edu\/clacs\/wp-json\/wp\/v2\/pages\/2600\/revisions\/4225"}],"up":[{"embeddable":true,"href":"https:\/\/uwm.edu\/clacs\/wp-json\/wp\/v2\/pages\/714"}],"wp:attachment":[{"href":"https:\/\/uwm.edu\/clacs\/wp-json\/wp\/v2\/media?parent=2600"}],"curies":[{"name":"wp","href":"https:\/\/api.w.org\/{rel}","templated":true}]}}