  {"id":1657,"date":"2015-04-04T16:31:21","date_gmt":"2015-04-04T21:31:21","guid":{"rendered":"https:\/\/uwm.edu\/chemistry\/?page_id=1657"},"modified":"2026-03-18T08:37:21","modified_gmt":"2026-03-18T13:37:21","slug":"iwao-ojima","status":"publish","type":"page","link":"https:\/\/uwm.edu\/chemistry\/outreach\/george-and-christine-sosnovsky-lectureship-series\/iwao-ojima\/","title":{"rendered":"Iwao Ojima"},"content":{"rendered":"\n<figure class=\"alignright uwm-c-img--right ls-img-cap cap-l size-m\"><a href=\"https:\/\/uwm.edu\/chemistry\/wp-content\/uploads\/sites\/194\/2015\/04\/Iwao-Ojima.jpg\"><img loading=\"lazy\" decoding=\"async\" width=\"300\" height=\"285\" src=\"https:\/\/uwm.edu\/chemistry\/wp-content\/uploads\/sites\/194\/2015\/04\/Iwao-Ojima-300x285.jpg\" alt=\"Iwao Ojima and George Sosnovsky\" class=\"wp-image-1658\" srcset=\"https:\/\/uwm.edu\/chemistry\/wp-content\/uploads\/sites\/194\/2015\/04\/Iwao-Ojima-300x285.jpg 300w, https:\/\/uwm.edu\/chemistry\/wp-content\/uploads\/sites\/194\/2015\/04\/Iwao-Ojima.jpg 400w\" sizes=\"auto, (max-width: 300px) 100vw, 300px\" \/><\/a><figcaption>Iwao Ojima and George Sosnovsky<\/figcaption><\/figure>\n\n\n\n<p>Director, Institute of Chemical Biology and Drug Discovery<br>BS, 1968, The University of Tokyo<br>MS, 1970, The University of Tokyo<br>PhD 1973, The University of Tokyo (Prof. Naoki Inamoto)<\/p>\n\n\n\n<p>Appointments:<\/p>\n\n\n\n<p>1973-1983 Senior Research Fellow and Group Leader, Sagami Institute of Chemical Research<br>1983 Associate Professor, Department of Chemistry, State University of New York at Stony Brook<br>1984 Professor, Department of Chemistry, State University of New York at Stony Brook<br>1989 Professeur invit\u00e9, Universit\u00e9 Claude Bernard Lyon I, Lyon, France<br>1991 Leading Professor, State University of New York at Stony Brook<br>1995 University Distinguished Professor, State University of New York<br>1996 Visiting Professor, The University of Tokyo, Tokyo, Japan<br>1997 Visiting Professor, The Scripps Research Institute, La Jolla, CA<br>1997 Professeur invit\u00e9, Universit\u00e9 de Paris XI, BIOCIS, Ch\u00e2tenay-Malabry, France<br>1997-2003 Chairman, Department of Chemistry, State University of New York at Stony Brook<br>2003-present, Director, Institute of Chemical Biology and Drug Discovery, Stony Brook.<\/p>\n\n\n\n<p>His first&nbsp;lecture was presented October 16th and his second lecture was presented October 17th 2008 with the&nbsp;title:<\/p>\n\n\n\n<p><strong>Taxane-Based Tumor-Targeting<\/strong><\/p>\n\n\n\n<p>Cancer is the second major cause of death in the United States. Despite the&nbsp;signicant progress in the development of cancer detection, prevention,surgery and therapy, there is still no common cure for patients with&nbsp;malignant diseases. This lecture will present our research program on the&nbsp;discovery and development of novel taxane-based anticancer agents&nbsp;possessing tumor-targeting ability and ecacy against various cancer types,&nbsp;especially drug-resistant tumors.<\/p>\n","protected":false},"excerpt":{"rendered":"<p>Director, Institute of Chemical Biology and Drug DiscoveryBS, 1968, The University of TokyoMS, 1970, The University of TokyoPhD 1973, The University of Tokyo (Prof. Naoki Inamoto) Appointments: 1973-1983 Senior Research Fellow and Group Leader, Sagami Institute of Chemical Research1983 Associate &hellip;<\/p>\n","protected":false},"author":396,"featured_media":0,"parent":1611,"menu_order":0,"comment_status":"closed","ping_status":"closed","template":"","meta":{"_acf_changed":false,"footnotes":"","uwm_wg_additional_authors":[]},"class_list":["post-1657","page","type-page","status-publish","hentry"],"yoast_head":"<!-- This site is optimized with the Yoast SEO Premium plugin v27.3 (Yoast SEO v27.3) - https:\/\/yoast.com\/product\/yoast-seo-premium-wordpress\/ -->\n<title>Chemistry &amp; Biochemistry<\/title>\n<meta name=\"robots\" content=\"index, follow, max-snippet:-1, max-image-preview:large, max-video-preview:-1\" \/>\n<link rel=\"canonical\" href=\"https:\/\/uwm.edu\/chemistry\/outreach\/george-and-christine-sosnovsky-lectureship-series\/iwao-ojima\/\" \/>\n<meta property=\"og:locale\" content=\"en_US\" \/>\n<meta property=\"og:type\" content=\"article\" \/>\n<meta property=\"og:title\" content=\"Iwao Ojima\" \/>\n<meta property=\"og:description\" content=\"Director, Institute of Chemical Biology and Drug DiscoveryBS, 1968, The University of TokyoMS, 1970, The University of TokyoPhD 1973, The University of Tokyo (Prof. Naoki Inamoto) Appointments: 1973-1983 Senior Research Fellow and Group Leader, Sagami Institute of Chemical Research1983 Associate &hellip;\" \/>\n<meta property=\"og:url\" content=\"https:\/\/uwm.edu\/chemistry\/outreach\/george-and-christine-sosnovsky-lectureship-series\/iwao-ojima\/\" \/>\n<meta property=\"og:site_name\" content=\"Chemistry &amp; Biochemistry\" \/>\n<meta property=\"article:modified_time\" content=\"2026-03-18T13:37:21+00:00\" \/>\n<meta property=\"og:image\" content=\"https:\/\/uwm.edu\/chemistry\/wp-content\/uploads\/sites\/194\/2015\/04\/Iwao-Ojima.jpg\" \/>\n\t<meta property=\"og:image:width\" content=\"400\" \/>\n\t<meta property=\"og:image:height\" content=\"380\" \/>\n\t<meta property=\"og:image:type\" content=\"image\/jpeg\" \/>\n<meta name=\"twitter:card\" content=\"summary_large_image\" \/>\n<meta name=\"twitter:label1\" content=\"Est. reading time\" \/>\n\t<meta name=\"twitter:data1\" content=\"2 minutes\" \/>\n<script type=\"application\/ld+json\" class=\"yoast-schema-graph\">{\"@context\":\"https:\\\/\\\/schema.org\",\"@graph\":[{\"@type\":\"WebPage\",\"@id\":\"https:\\\/\\\/uwm.edu\\\/chemistry\\\/outreach\\\/george-and-christine-sosnovsky-lectureship-series\\\/iwao-ojima\\\/\",\"url\":\"https:\\\/\\\/uwm.edu\\\/chemistry\\\/outreach\\\/george-and-christine-sosnovsky-lectureship-series\\\/iwao-ojima\\\/\",\"name\":\"Iwao Ojima - Chemistry &amp; Biochemistry\",\"isPartOf\":{\"@id\":\"https:\\\/\\\/uwm.edu\\\/chemistry\\\/#website\"},\"primaryImageOfPage\":{\"@id\":\"https:\\\/\\\/uwm.edu\\\/chemistry\\\/outreach\\\/george-and-christine-sosnovsky-lectureship-series\\\/iwao-ojima\\\/#primaryimage\"},\"image\":{\"@id\":\"https:\\\/\\\/uwm.edu\\\/chemistry\\\/outreach\\\/george-and-christine-sosnovsky-lectureship-series\\\/iwao-ojima\\\/#primaryimage\"},\"thumbnailUrl\":\"https:\\\/\\\/uwm.edu\\\/chemistry\\\/wp-content\\\/uploads\\\/sites\\\/194\\\/2015\\\/04\\\/Iwao-Ojima-300x285.jpg\",\"datePublished\":\"2015-04-04T21:31:21+00:00\",\"dateModified\":\"2026-03-18T13:37:21+00:00\",\"breadcrumb\":{\"@id\":\"https:\\\/\\\/uwm.edu\\\/chemistry\\\/outreach\\\/george-and-christine-sosnovsky-lectureship-series\\\/iwao-ojima\\\/#breadcrumb\"},\"inLanguage\":\"en-US\",\"potentialAction\":[{\"@type\":\"ReadAction\",\"target\":[\"https:\\\/\\\/uwm.edu\\\/chemistry\\\/outreach\\\/george-and-christine-sosnovsky-lectureship-series\\\/iwao-ojima\\\/\"]}]},{\"@type\":\"ImageObject\",\"inLanguage\":\"en-US\",\"@id\":\"https:\\\/\\\/uwm.edu\\\/chemistry\\\/outreach\\\/george-and-christine-sosnovsky-lectureship-series\\\/iwao-ojima\\\/#primaryimage\",\"url\":\"https:\\\/\\\/uwm.edu\\\/chemistry\\\/wp-content\\\/uploads\\\/sites\\\/194\\\/2015\\\/04\\\/Iwao-Ojima.jpg\",\"contentUrl\":\"https:\\\/\\\/uwm.edu\\\/chemistry\\\/wp-content\\\/uploads\\\/sites\\\/194\\\/2015\\\/04\\\/Iwao-Ojima.jpg\",\"width\":400,\"height\":380,\"caption\":\"Iwao Ojima and George Sosnovsky\"},{\"@type\":\"BreadcrumbList\",\"@id\":\"https:\\\/\\\/uwm.edu\\\/chemistry\\\/outreach\\\/george-and-christine-sosnovsky-lectureship-series\\\/iwao-ojima\\\/#breadcrumb\",\"itemListElement\":[{\"@type\":\"ListItem\",\"position\":1,\"name\":\"Home\",\"item\":\"https:\\\/\\\/uwm.edu\\\/chemistry\\\/\"},{\"@type\":\"ListItem\",\"position\":2,\"name\":\"Outreach\",\"item\":\"https:\\\/\\\/uwm.edu\\\/chemistry\\\/outreach\\\/\"},{\"@type\":\"ListItem\",\"position\":3,\"name\":\"George and Christine Sosnovsky Lectureship Series\",\"item\":\"https:\\\/\\\/uwm.edu\\\/chemistry\\\/outreach\\\/george-and-christine-sosnovsky-lectureship-series\\\/\"},{\"@type\":\"ListItem\",\"position\":4,\"name\":\"Iwao Ojima\"}]},{\"@type\":\"WebSite\",\"@id\":\"https:\\\/\\\/uwm.edu\\\/chemistry\\\/#website\",\"url\":\"https:\\\/\\\/uwm.edu\\\/chemistry\\\/\",\"name\":\"Chemistry &amp; Biochemistry\",\"description\":\"College of Letters &amp; Science\",\"potentialAction\":[{\"@type\":\"SearchAction\",\"target\":{\"@type\":\"EntryPoint\",\"urlTemplate\":\"https:\\\/\\\/uwm.edu\\\/chemistry\\\/?s={search_term_string}\"},\"query-input\":{\"@type\":\"PropertyValueSpecification\",\"valueRequired\":true,\"valueName\":\"search_term_string\"}}],\"inLanguage\":\"en-US\"}]}<\/script>\n<!-- \/ Yoast SEO Premium plugin. -->","yoast_head_json":{"title":"Chemistry &amp; Biochemistry","robots":{"index":"index","follow":"follow","max-snippet":"max-snippet:-1","max-image-preview":"max-image-preview:large","max-video-preview":"max-video-preview:-1"},"canonical":"https:\/\/uwm.edu\/chemistry\/outreach\/george-and-christine-sosnovsky-lectureship-series\/iwao-ojima\/","og_locale":"en_US","og_type":"article","og_title":"Iwao Ojima","og_description":"Director, Institute of Chemical Biology and Drug DiscoveryBS, 1968, The University of TokyoMS, 1970, The University of TokyoPhD 1973, The University of Tokyo (Prof. Naoki Inamoto) Appointments: 1973-1983 Senior Research Fellow and Group Leader, Sagami Institute of Chemical Research1983 Associate &hellip;","og_url":"https:\/\/uwm.edu\/chemistry\/outreach\/george-and-christine-sosnovsky-lectureship-series\/iwao-ojima\/","og_site_name":"Chemistry &amp; Biochemistry","article_modified_time":"2026-03-18T13:37:21+00:00","og_image":[{"width":400,"height":380,"url":"https:\/\/uwm.edu\/chemistry\/wp-content\/uploads\/sites\/194\/2015\/04\/Iwao-Ojima.jpg","type":"image\/jpeg"}],"twitter_card":"summary_large_image","twitter_misc":{"Est. reading time":"2 minutes"},"schema":{"@context":"https:\/\/schema.org","@graph":[{"@type":"WebPage","@id":"https:\/\/uwm.edu\/chemistry\/outreach\/george-and-christine-sosnovsky-lectureship-series\/iwao-ojima\/","url":"https:\/\/uwm.edu\/chemistry\/outreach\/george-and-christine-sosnovsky-lectureship-series\/iwao-ojima\/","name":"Iwao Ojima - Chemistry &amp; Biochemistry","isPartOf":{"@id":"https:\/\/uwm.edu\/chemistry\/#website"},"primaryImageOfPage":{"@id":"https:\/\/uwm.edu\/chemistry\/outreach\/george-and-christine-sosnovsky-lectureship-series\/iwao-ojima\/#primaryimage"},"image":{"@id":"https:\/\/uwm.edu\/chemistry\/outreach\/george-and-christine-sosnovsky-lectureship-series\/iwao-ojima\/#primaryimage"},"thumbnailUrl":"https:\/\/uwm.edu\/chemistry\/wp-content\/uploads\/sites\/194\/2015\/04\/Iwao-Ojima-300x285.jpg","datePublished":"2015-04-04T21:31:21+00:00","dateModified":"2026-03-18T13:37:21+00:00","breadcrumb":{"@id":"https:\/\/uwm.edu\/chemistry\/outreach\/george-and-christine-sosnovsky-lectureship-series\/iwao-ojima\/#breadcrumb"},"inLanguage":"en-US","potentialAction":[{"@type":"ReadAction","target":["https:\/\/uwm.edu\/chemistry\/outreach\/george-and-christine-sosnovsky-lectureship-series\/iwao-ojima\/"]}]},{"@type":"ImageObject","inLanguage":"en-US","@id":"https:\/\/uwm.edu\/chemistry\/outreach\/george-and-christine-sosnovsky-lectureship-series\/iwao-ojima\/#primaryimage","url":"https:\/\/uwm.edu\/chemistry\/wp-content\/uploads\/sites\/194\/2015\/04\/Iwao-Ojima.jpg","contentUrl":"https:\/\/uwm.edu\/chemistry\/wp-content\/uploads\/sites\/194\/2015\/04\/Iwao-Ojima.jpg","width":400,"height":380,"caption":"Iwao Ojima and George Sosnovsky"},{"@type":"BreadcrumbList","@id":"https:\/\/uwm.edu\/chemistry\/outreach\/george-and-christine-sosnovsky-lectureship-series\/iwao-ojima\/#breadcrumb","itemListElement":[{"@type":"ListItem","position":1,"name":"Home","item":"https:\/\/uwm.edu\/chemistry\/"},{"@type":"ListItem","position":2,"name":"Outreach","item":"https:\/\/uwm.edu\/chemistry\/outreach\/"},{"@type":"ListItem","position":3,"name":"George and Christine Sosnovsky Lectureship Series","item":"https:\/\/uwm.edu\/chemistry\/outreach\/george-and-christine-sosnovsky-lectureship-series\/"},{"@type":"ListItem","position":4,"name":"Iwao Ojima"}]},{"@type":"WebSite","@id":"https:\/\/uwm.edu\/chemistry\/#website","url":"https:\/\/uwm.edu\/chemistry\/","name":"Chemistry &amp; Biochemistry","description":"College of Letters &amp; Science","potentialAction":[{"@type":"SearchAction","target":{"@type":"EntryPoint","urlTemplate":"https:\/\/uwm.edu\/chemistry\/?s={search_term_string}"},"query-input":{"@type":"PropertyValueSpecification","valueRequired":true,"valueName":"search_term_string"}}],"inLanguage":"en-US"}]}},"acf":[],"publishpress_future_action":{"enabled":false,"date":"2026-04-24 07:05:57","action":"change-status","newStatus":"draft","terms":[],"taxonomy":"","extraData":[]},"publishpress_future_workflow_manual_trigger":{"enabledWorkflows":[]},"_links":{"self":[{"href":"https:\/\/uwm.edu\/chemistry\/wp-json\/wp\/v2\/pages\/1657","targetHints":{"allow":["GET"]}}],"collection":[{"href":"https:\/\/uwm.edu\/chemistry\/wp-json\/wp\/v2\/pages"}],"about":[{"href":"https:\/\/uwm.edu\/chemistry\/wp-json\/wp\/v2\/types\/page"}],"author":[{"embeddable":true,"href":"https:\/\/uwm.edu\/chemistry\/wp-json\/wp\/v2\/users\/396"}],"replies":[{"embeddable":true,"href":"https:\/\/uwm.edu\/chemistry\/wp-json\/wp\/v2\/comments?post=1657"}],"version-history":[{"count":8,"href":"https:\/\/uwm.edu\/chemistry\/wp-json\/wp\/v2\/pages\/1657\/revisions"}],"predecessor-version":[{"id":11499,"href":"https:\/\/uwm.edu\/chemistry\/wp-json\/wp\/v2\/pages\/1657\/revisions\/11499"}],"up":[{"embeddable":true,"href":"https:\/\/uwm.edu\/chemistry\/wp-json\/wp\/v2\/pages\/1611"}],"wp:attachment":[{"href":"https:\/\/uwm.edu\/chemistry\/wp-json\/wp\/v2\/media?parent=1657"}],"curies":[{"name":"wp","href":"https:\/\/api.w.org\/{rel}","templated":true}]}}